{"id":222205,"date":"2024-01-08T15:08:29","date_gmt":"2024-01-08T14:08:29","guid":{"rendered":"https:\/\/europeancourt.org\/serveis\/tedh\/"},"modified":"2026-04-26T17:35:16","modified_gmt":"2026-04-26T15:35:16","slug":"tedh","status":"publish","type":"page","link":"https:\/\/europeancourt.org\/ca\/serveis\/tedh\/","title":{"rendered":"TEDH"},"content":{"rendered":"<ul>\r\n\t\t<li><a href=\"https:\/\/europeancourt.org\/ca\/serveis\/tedh\/preparaci%c3%b3-de-demandes-al-tedh\/\" title=\"Preparaci\u00f3 de demandes al TEDH\">Preparaci\u00f3 de demandes al TEDH<\/a><\/li>\r\n\r\n\t<li><a href=\"https:\/\/europeancourt.org\/en\/services\/echr\/checking-filled-in-applications\/\" title=\"Verificaci\u00f3 dels formularis de demanda al TEDH omplerts\">Verificaci\u00f3 dels formularis de demanda al TEDH omplerts<\/a><\/li>\r\n\r\n\t<li><a href=\"https:\/\/europeancourt.org\/ca\/serveis\/tedh\/representaci%c3%b3-de-demandants-davant-el-tedh\/\" title=\"Representaci\u00f3 de demandants davant el TEDH\">Representaci\u00f3 de demandants davant el TEDH<\/a><\/li>\n<li><a href=\"https:\/\/europeancourt.org\/ca\/serveis\/tedh\/troba-n%c3%bamero-de-demanda-admissi%c3%b3-o-sent%c3%a8ncia\/\" title=\"Troba n\u00famero de demanda del TEDH, admissi\u00f3 o sent\u00e8ncia\">Troba n\u00famero de demanda del TEDH, admissi\u00f3 o sent\u00e8ncia<\/a><\/li>\r\n\r\n\t<li><a href=\"https:\/\/europeancourt.org\/ca\/assessorament-jur%c3%addic-i-contactes\/\" title=\"Assessorament jur\u00eddic i contactes\">Assessorament jur\u00eddic i contactes<\/a><\/li>\r\n\r\n<\/ul>\r\n\r\n","protected":false},"excerpt":{"rendered":"Preparaci\u00f3 de demandes al TEDH Verificaci\u00f3 dels formularis de demanda al TEDH omplerts Representaci\u00f3 de demandants davant el TEDH Troba n\u00famero de demanda del TEDH, admissi\u00f3 o sent\u00e8ncia Assessorament jur\u00eddic i contactes","protected":false},"author":1,"featured_media":222463,"parent":222161,"menu_order":0,"comment_status":"closed","ping_status":"closed","template":"","meta":{"footnotes":""},"categories":[],"tags":[],"class_list":["post-222205","page","type-page","status-publish","has-post-thumbnail","hentry"],"_links":{"self":[{"href":"https:\/\/europeancourt.org\/ca\/wp-json\/wp\/v2\/pages\/222205","targetHints":{"allow":["GET"]}}],"collection":[{"href":"https:\/\/europeancourt.org\/ca\/wp-json\/wp\/v2\/pages"}],"about":[{"href":"https:\/\/europeancourt.org\/ca\/wp-json\/wp\/v2\/types\/page"}],"author":[{"embeddable":true,"href":"https:\/\/europeancourt.org\/ca\/wp-json\/wp\/v2\/users\/1"}],"replies":[{"embeddable":true,"href":"https:\/\/europeancourt.org\/ca\/wp-json\/wp\/v2\/comments?post=222205"}],"version-history":[{"count":2,"href":"https:\/\/europeancourt.org\/ca\/wp-json\/wp\/v2\/pages\/222205\/revisions"}],"predecessor-version":[{"id":225670,"href":"https:\/\/europeancourt.org\/ca\/wp-json\/wp\/v2\/pages\/222205\/revisions\/225670"}],"up":[{"embeddable":true,"href":"https:\/\/europeancourt.org\/ca\/wp-json\/wp\/v2\/pages\/222161"}],"wp:featuredmedia":[{"embeddable":true,"href":"https:\/\/europeancourt.org\/ca\/wp-json\/wp\/v2\/media\/222463"}],"wp:attachment":[{"href":"https:\/\/europeancourt.org\/ca\/wp-json\/wp\/v2\/media?parent=222205"}],"wp:term":[{"taxonomy":"category","embeddable":true,"href":"https:\/\/europeancourt.org\/ca\/wp-json\/wp\/v2\/categories?post=222205"},{"taxonomy":"post_tag","embeddable":true,"href":"https:\/\/europeancourt.org\/ca\/wp-json\/wp\/v2\/tags?post=222205"}],"curies":[{"name":"wp","href":"https:\/\/api.w.org\/{rel}","templated":true}]}}

<ul>
		<li><a href="https://europeancourt.org/ca/serveis/tedh/preparaci%c3%b3-de-demandes-al-tedh/" title="Preparació de demandes al TEDH">Preparació de demandes al TEDH</a></li>

	<li><a href="https://europeancourt.org/en/services/echr/checking-filled-in-applications/" title="Verificació dels formularis de demanda al TEDH omplerts">Verificació dels formularis de demanda al TEDH omplerts</a></li>

	<li><a href="https://europeancourt.org/ca/serveis/tedh/representaci%c3%b3-de-demandants-davant-el-tedh/" title="Representació de demandants davant el TEDH">Representació de demandants davant el TEDH</a></li>
<li><a href="https://europeancourt.org/ca/serveis/tedh/troba-n%c3%bamero-de-demanda-admissi%c3%b3-o-sent%c3%a8ncia/" title="Troba número de demanda del TEDH, admissió o sentència">Troba número de demanda del TEDH, admissió o sentència</a></li>

	<li><a href="https://europeancourt.org/ca/assessorament-jur%c3%addic-i-contactes/" title="Assessorament jurídic i contactes">Assessorament jurídic i contactes</a></li>

</ul>

Preparació de demandes al TEDH Verificació dels formularis de demanda al TEDH omplerts Representació de demandants davant el TEDH Troba número de demanda del TEDH, admissió o sentència Assessorament jurídic i contactes
