{"id":225225,"date":"2026-04-26T14:48:47","date_gmt":"2026-04-26T12:48:47","guid":{"rendered":"https:\/\/europeancourt.org\/slu%c5%beby\/eslp\/zastupov%c3%a1n%c3%ad-st%c4%9b%c5%beovatel%c5%af-p%c5%99ed-eslp\/"},"modified":"2026-04-26T16:57:16","modified_gmt":"2026-04-26T14:57:16","slug":"zastupov%c3%a1n%c3%ad-st%c4%9b%c5%beovatel%c5%af-p%c5%99ed-eslp","status":"publish","type":"page","link":"https:\/\/europeancourt.org\/cs\/slu%c5%beby\/eslp\/zastupov%c3%a1n%c3%ad-st%c4%9b%c5%beovatel%c5%af-p%c5%99ed-eslp\/","title":{"rendered":"Zastupov\u00e1n\u00ed st\u011b\u017eovatel\u016f p\u0159ed ESLP"},"content":{"rendered":"<div id=\"ec-representation-page\" class=\"ec-service-page ec-service-representation\" data-service=\"representation\">\n<div class=\"ec-service-screen ec-service-screen-1\">\n<div class=\"mywpcf7cf myshow myhide\">Tato slu\u017eba je ur\u010dena pouze pro st\u00ed\u017enosti, o nich\u017e u\u017e ESLP vyrozum\u011bl p\u0159\u00edslu\u0161nou vl\u00e1du a u nich\u017e st\u011b\u017eovatele vyzval k p\u0159edlo\u017een\u00ed p\u00edsemn\u00e9ho stanoviska.<\/div>\n<div class=\"mywpcf7cf myshow myhide\">Cena zastupov\u00e1n\u00ed p\u0159ed ESLP z\u00e1vis\u00ed na tom, kolik \u010dasu bude pot\u0159eba na p\u0159\u00edpravu odpov\u011bd\u00ed na ot\u00e1zky ESLP, reakc\u00ed na stanovisko p\u0159\u00edslu\u0161n\u00e9 vl\u00e1dy, p\u0159\u00edpadn\u00fdch up\u0159esn\u011bn\u00ed skutkov\u00fdch okolnost\u00ed a n\u00e1vrhu na spravedliv\u00e9 zadostiu\u010din\u011bn\u00ed. Rozp\u011bt\u00ed je zde velmi \u0161irok\u00e9: od n\u011bkolika set eur, kdy\u017e se v\u0161e vejde do dvou a\u017e t\u0159\u00ed hodin, a\u017e po 10 000 eur i v\u00edce, kdy\u017e jsou pot\u0159eba des\u00edtky hodin.<\/div>\n<div class=\"mywpcf7cf myshow myhide\">Kolik \u010dasu bude t\u0159eba pr\u00e1v\u011b ve va\u0161em p\u0159\u00edpad\u011b, a tedy kolik bude zastupov\u00e1n\u00ed st\u00e1t, mohu ur\u010dit pouze podle dokument\u016f. P\u0159edlo\u017ete st\u00ed\u017enost se v\u0161emi p\u0159\u00edlohami, v\u0161echno, co bylo k t\u00e9to st\u00ed\u017enosti dodate\u010dn\u011b zasl\u00e1no ESLP, a v\u0161echno, co jste od ESLP obdr\u017eel(a). Pokud budu pot\u0159ebovat dal\u0161\u00ed dokumenty, vy\u017e\u00e1d\u00e1m si je od v\u00e1s.<\/div>\n<div class=\"mywpcf7cf myshow myhide\">Na \u017e\u00e1dost o cenu zastupov\u00e1n\u00ed p\u0159ed ESLP obvykle odpov\u00edd\u00e1m do jednoho t\u00fddne po obdr\u017een\u00ed v\u0161ech pot\u0159ebn\u00fdch dokument\u016f a informac\u00ed. Pokud lh\u016fta stanoven\u00e1 ESLP pro p\u0159edlo\u017een\u00ed p\u00edsemn\u00e9ho stanoviska nebo jin\u00fdch materi\u00e1l\u016f kon\u010d\u00ed v nejbli\u017e\u0161\u00edch dnech, napi\u0161te mi a zeptejte se, zda mohu va\u0161i \u017e\u00e1dost posoudit urgentn\u011b. Na takov\u00fd e-mail odpov\u00edm do 24 hodin. Pokud potvrd\u00edm, \u017ee mohu, a vy ihned p\u0159edlo\u017e\u00edte pot\u0159ebn\u00e9 dokumenty a informace, sd\u011bl\u00edm v\u00e1m sv\u016fj z\u00e1v\u011br k \u017e\u00e1dosti b\u011bhem n\u00e1sleduj\u00edc\u00edch 48 hodin.<\/div>\n<div class=\"mywpcf7cf myshow myhide\">Abychom neztr\u00e1celi \u010das, po\u0161lu v\u00e1m spolu se sd\u011blen\u00edm ceny slu\u017eby tak\u00e9 smlouvu a vypln\u011bn\u00fd formul\u00e1\u0159 pln\u00e9 moci k zastupov\u00e1n\u00ed p\u0159ed ESLP. Plnou moc bude t\u0159eba vytisknout, podepsat a poslat v pap\u00edrov\u00e9 podob\u011b po\u0161tou na mou adresu ve Francii. Slu\u017ebu lze zaplatit bankovn\u00edm p\u0159evodem na m\u016fj \u00fa\u010det ve \u0160v\u00fdcarsku nebo jin\u00fdmi zp\u016fsoby podle zem\u011b, odkud platba odch\u00e1z\u00ed, a to po p\u0159\u00edprav\u011b dokument\u016f pro ESLP. Lep\u0161\u00ed je v\u0161ak zaplatit je\u0161t\u011b p\u0159ed jejich odesl\u00e1n\u00edm k ESLP, aby bylo mo\u017en\u00e9 k n\u00e1vrhu na spravedliv\u00e9 zadostiu\u010din\u011bn\u00ed p\u0159ilo\u017eit doklad o zaplacen\u00ed: po\u017eadavek na n\u00e1hradu ji\u017e vynalo\u017een\u00fdch n\u00e1klad\u016f na zastupov\u00e1n\u00ed st\u011b\u017eovatele p\u0159ed Soudem se pak prokazuje mnohem sn\u00e1ze.<\/div>\n<div class=\"mywpcf7cf myshow myhide\">Tato slu\u017eba pro v\u00e1s zjevn\u011b nen\u00ed vhodn\u00e1, pokud pro v\u00e1s plat\u00ed alespo\u0148 jedno z n\u00e1sleduj\u00edc\u00edch tvrzen\u00ed:<\/div>\n<ul class=\"myshow myhide ec-service-blocker-list\"><li><label><input type=\"checkbox\" class=\"ec-service-blocker\" \/><span>ESLP dosud nevyrozum\u011bl p\u0159\u00edslu\u0161nou vl\u00e1du o m\u00e9 st\u00ed\u017enosti, nebo ji vyrozum\u011bl bez v\u00fdzvy k p\u0159edlo\u017een\u00ed p\u00edsemn\u00e9ho stanoviska.<\/span><\/label><\/li>\n<li><label><input type=\"checkbox\" class=\"ec-service-blocker\" \/><span>Nejsem p\u0159ipraven(a) p\u0159edlo\u017eit v\u0161echny pot\u0159ebn\u00e9 dokumenty.<\/span><\/label><\/li>\n<li><label><input type=\"checkbox\" class=\"ec-service-blocker\" \/><span>Nejsem p\u0159ipraven(a) vy\u0159\u00eddit plnou moc a poslat ji v pap\u00edrov\u00e9 podob\u011b po\u0161tou.<\/span><\/label><\/li>\n<li><label><input type=\"checkbox\" class=\"ec-service-blocker\" \/><span>Nejsem p\u0159ipraven(a) v pr\u016fb\u011bhu pr\u00e1ce odpov\u00eddat na dopl\u0148uj\u00edc\u00ed ot\u00e1zky a p\u0159edkl\u00e1dat dal\u0161\u00ed dokumenty, pokud budou pot\u0159eba.<\/span><\/label><\/li><\/ul>\n<div class=\"mywpcf7cf myshow myhide\"><button type=\"button\" class=\"mybutton blue\" id=\"load_ajax_form\" data-ec-service-load=\"representation\" data-blocked-message=\"Dokud je za\u0161krtnuto n\u011bkter\u00e9 z t\u011bchto tvrzen\u00ed, nelze pokra\u010dovat. Pokud jste n\u011bkter\u00e9 z nich za\u0161krtli omylem, za\u0161krtnut\u00ed zru\u0161te.\">P\u0159edlo\u017eit dokumenty<\/button><\/div>\n<div class=\"mywpcf7cf myshow myhide\"><a class=\"mybutton blue not-in-text-button\" href=\"mailto:oleg.anishchik@europeancourt.org?subject=Chci se zeptat na podm\u00ednky\">Chci se zeptat na podm\u00ednky<\/a><\/div>\n<div id=\"ec-service-load-status\" class=\"ec-service-load-status\" aria-live=\"polite\"><\/div>\n<\/div>\n<div id=\"ajax_content\"><\/div>\n<\/div>\n<script>\n(function(){\n  if (window.ecServiceBlockerGuardReady) return;\n  window.ecServiceBlockerGuardReady = true;\n  document.addEventListener('click', function(event) {\n    var button = event.target && event.target.closest ? event.target.closest('[data-ec-service-load]') : null;\n    if (!button) return;\n    var root = button.closest('.ec-service-page');\n    if (!root || !root.querySelector('.ec-service-blocker:checked')) return;\n    event.preventDefault();\n    event.stopPropagation();\n    if (event.stopImmediatePropagation) event.stopImmediatePropagation();\n    var status = root.querySelector('.ec-service-load-status');\n    if (status) status.textContent = button.getAttribute('data-blocked-message') || '';\n  }, true);\n})();\n<\/script>","protected":false},"excerpt":{"rendered":"Tato slu\u017eba je ur\u010dena pouze pro st\u00ed\u017enosti, o nich\u017e u\u017e ESLP vyrozum\u011bl p\u0159\u00edslu\u0161nou vl\u00e1du a u nich\u017e st\u011b\u017eovatele vyzval k p\u0159edlo\u017een\u00ed p\u00edsemn\u00e9ho stanoviska. Cena zastupov\u00e1n\u00ed p\u0159ed ESLP z\u00e1vis\u00ed na tom, kolik \u010dasu bude pot\u0159eba&#46;&#46;&#46;","protected":false},"author":0,"featured_media":0,"parent":222225,"menu_order":0,"comment_status":"closed","ping_status":"closed","template":"","meta":{"footnotes":""},"categories":[],"tags":[],"class_list":["post-225225","page","type-page","status-publish","hentry"],"_links":{"self":[{"href":"https:\/\/europeancourt.org\/cs\/wp-json\/wp\/v2\/pages\/225225","targetHints":{"allow":["GET"]}}],"collection":[{"href":"https:\/\/europeancourt.org\/cs\/wp-json\/wp\/v2\/pages"}],"about":[{"href":"https:\/\/europeancourt.org\/cs\/wp-json\/wp\/v2\/types\/page"}],"replies":[{"embeddable":true,"href":"https:\/\/europeancourt.org\/cs\/wp-json\/wp\/v2\/comments?post=225225"}],"version-history":[{"count":1,"href":"https:\/\/europeancourt.org\/cs\/wp-json\/wp\/v2\/pages\/225225\/revisions"}],"predecessor-version":[{"id":225568,"href":"https:\/\/europeancourt.org\/cs\/wp-json\/wp\/v2\/pages\/225225\/revisions\/225568"}],"up":[{"embeddable":true,"href":"https:\/\/europeancourt.org\/cs\/wp-json\/wp\/v2\/pages\/222225"}],"wp:attachment":[{"href":"https:\/\/europeancourt.org\/cs\/wp-json\/wp\/v2\/media?parent=225225"}],"wp:term":[{"taxonomy":"category","embeddable":true,"href":"https:\/\/europeancourt.org\/cs\/wp-json\/wp\/v2\/categories?post=225225"},{"taxonomy":"post_tag","embeddable":true,"href":"https:\/\/europeancourt.org\/cs\/wp-json\/wp\/v2\/tags?post=225225"}],"curies":[{"name":"wp","href":"https:\/\/api.w.org\/{rel}","templated":true}]}}

Zastupování stěžovatelů před ESLP

<div id="ec-representation-page" class="ec-service-page ec-service-representation" data-service="representation">
<div class="ec-service-screen ec-service-screen-1">
<div class="mywpcf7cf myshow myhide">Tato služba je určena pouze pro stížnosti, o nichž už ESLP vyrozuměl příslušnou vládu a u nichž stěžovatele vyzval k předložení písemného stanoviska.</div>
<div class="mywpcf7cf myshow myhide">Cena zastupování před ESLP závisí na tom, kolik času bude potřeba na přípravu odpovědí na otázky ESLP, reakcí na stanovisko příslušné vlády, případných upřesnění skutkových okolností a návrhu na spravedlivé zadostiučinění. Rozpětí je zde velmi široké: od několika set eur, když se vše vejde do dvou až tří hodin, až po 10 000 eur i více, když jsou potřeba desítky hodin.</div>
<div class="mywpcf7cf myshow myhide">Kolik času bude třeba právě ve vašem případě, a tedy kolik bude zastupování stát, mohu určit pouze podle dokumentů. Předložte stížnost se všemi přílohami, všechno, co bylo k této stížnosti dodatečně zasláno ESLP, a všechno, co jste od ESLP obdržel(a). Pokud budu potřebovat další dokumenty, vyžádám si je od vás.</div>
<div class="mywpcf7cf myshow myhide">Na žádost o cenu zastupování před ESLP obvykle odpovídám do jednoho týdne po obdržení všech potřebných dokumentů a informací. Pokud lhůta stanovená ESLP pro předložení písemného stanoviska nebo jiných materiálů končí v nejbližších dnech, napište mi a zeptejte se, zda mohu vaši žádost posoudit urgentně. Na takový e-mail odpovím do 24 hodin. Pokud potvrdím, že mohu, a vy ihned předložíte potřebné dokumenty a informace, sdělím vám svůj závěr k žádosti během následujících 48 hodin.</div>
<div class="mywpcf7cf myshow myhide">Abychom neztráceli čas, pošlu vám spolu se sdělením ceny služby také smlouvu a vyplněný formulář plné moci k zastupování před ESLP. Plnou moc bude třeba vytisknout, podepsat a poslat v papírové podobě poštou na mou adresu ve Francii. Službu lze zaplatit bankovním převodem na můj účet ve Švýcarsku nebo jinými způsoby podle země, odkud platba odchází, a to po přípravě dokumentů pro ESLP. Lepší je však zaplatit ještě před jejich odesláním k ESLP, aby bylo možné k návrhu na spravedlivé zadostiučinění přiložit doklad o zaplacení: požadavek na náhradu již vynaložených nákladů na zastupování stěžovatele před Soudem se pak prokazuje mnohem snáze.</div>
<div class="mywpcf7cf myshow myhide">Tato služba pro vás zjevně není vhodná, pokud pro vás platí alespoň jedno z následujících tvrzení:</div>
<ul class="myshow myhide ec-service-blocker-list"><li><label><input type="checkbox" class="ec-service-blocker" /><span>ESLP dosud nevyrozuměl příslušnou vládu o mé stížnosti, nebo ji vyrozuměl bez výzvy k předložení písemného stanoviska.</span></label></li>
<li><label><input type="checkbox" class="ec-service-blocker" /><span>Nejsem připraven(a) předložit všechny potřebné dokumenty.</span></label></li>
<li><label><input type="checkbox" class="ec-service-blocker" /><span>Nejsem připraven(a) vyřídit plnou moc a poslat ji v papírové podobě poštou.</span></label></li>
<li><label><input type="checkbox" class="ec-service-blocker" /><span>Nejsem připraven(a) v průběhu práce odpovídat na doplňující otázky a předkládat další dokumenty, pokud budou potřeba.</span></label></li></ul>
<div class="mywpcf7cf myshow myhide"><button type="button" class="mybutton blue" id="load_ajax_form" data-ec-service-load="representation" data-blocked-message="Dokud je zaškrtnuto některé z těchto tvrzení, nelze pokračovat. Pokud jste některé z nich zaškrtli omylem, zaškrtnutí zrušte.">Předložit dokumenty</button></div>
<div class="mywpcf7cf myshow myhide"><a class="mybutton blue not-in-text-button" href="mailto:oleg.anishchik@europeancourt.org?subject=Chci se zeptat na podmínky">Chci se zeptat na podmínky</a></div>
<div id="ec-service-load-status" class="ec-service-load-status" aria-live="polite"></div>
</div>
<div id="ajax_content"></div>
</div>
<script>
(function(){
  if (window.ecServiceBlockerGuardReady) return;
  window.ecServiceBlockerGuardReady = true;
  document.addEventListener('click', function(event) {
    var button = event.target && event.target.closest ? event.target.closest('[data-ec-service-load]') : null;
    if (!button) return;
    var root = button.closest('.ec-service-page');
    if (!root || !root.querySelector('.ec-service-blocker:checked')) return;
    event.preventDefault();
    event.stopPropagation();
    if (event.stopImmediatePropagation) event.stopImmediatePropagation();
    var status = root.querySelector('.ec-service-load-status');
    if (status) status.textContent = button.getAttribute('data-blocked-message') || '';
  }, true);
})();
</script>

Tato služba je určena pouze pro stížnosti, o nichž už ESLP vyrozuměl příslušnou vládu a u nichž stěžovatele vyzval k předložení písemného stanoviska. Cena zastupování před ESLP závisí na tom, kolik času bude potřeba&#46;&#46;&#46;
