{"id":225229,"date":"2026-04-26T14:47:47","date_gmt":"2026-04-26T12:47:47","guid":{"rendered":"https:\/\/europeancourt.org\/ydelser\/emrd\/forberedelse-af-klager-til-emrd\/"},"modified":"2026-04-26T16:57:26","modified_gmt":"2026-04-26T14:57:26","slug":"forberedelse-af-klager-til-emrd","status":"publish","type":"page","link":"https:\/\/europeancourt.org\/da\/ydelser\/emrd\/forberedelse-af-klager-til-emrd\/","title":{"rendered":"Forberedelse af klager til EMRD"},"content":{"rendered":"<div id=\"ec-preparation-page\" class=\"ec-service-page ec-service-preparation\" data-service=\"preparation\">\n<div class=\"ec-service-screen ec-service-screen-1\">\n<div class=\"mywpcf7cf myshow myhide\">Prisen for at f\u00e5 udarbejdet en klage til EMD afh\u00e6nger af, hvor mange arbejdstimer sagen kr\u00e6ver. Sp\u00e6ndet er meget stort: fra nogle f\u00e5 hundrede euro, hvis arbejdet kan klares p\u00e5 to til tre timer, til 10.000 euro eller mere, hvis der skal bruges snesevis af timer. Tiden g\u00e5r til at gennemg\u00e5 dokumenterne, fastl\u00e6gge de centrale faktiske omst\u00e6ndigheder, finde og analysere den aktuelle EMD-praksis b\u00e5de om sagens realitet og om antagelseskravene for hvert muligt klagepunkt, formulere klagepunkterne p\u00e5 det grundlag, begrunde hver p\u00e5st\u00e5et kr\u00e6nkelse, vise, at antagelseskravene er opfyldt for hver af dem, og derefter formulere det hele kort, klart og sammenh\u00e6ngende i klageformularen.<\/div>\n<div class=\"mywpcf7cf myshow myhide\">Jeg kan f\u00f8rst vurdere, hvor meget tid din sag vil kr\u00e6ve, og dermed hvad det vil koste at f\u00e5 klagen udarbejdet, n\u00e5r jeg har set dokumenterne. Send alle afg\u00f8relser, du vil klage over, andre dokumenter om de foranstaltninger, du vil klage over, alle henvendelser til nationale myndigheder, herunder domstole, hvor disse klagepunkter reelt blev gjort g\u00e6ldende, samt alle afg\u00f8relser truffet p\u00e5 grundlag af disse henvendelser. Hvis du allerede har hele sagens materiale i elektronisk form, er det bedst at sende det samlet med det samme. V\u00e6r ikke bange for at sende for meget eller for at overse noget: hvis jeg efter at have gennemg\u00e5et materialet har brug for flere dokumenter, beder jeg dig om dem.<\/div>\n<div class=\"mywpcf7cf myshow myhide\">Jeg svarer som regel inden for en uge p\u00e5 en foresp\u00f8rgsel om prisen for at f\u00e5 udarbejdet en klage, efter at jeg har modtaget alle n\u00f8dvendige dokumenter og oplysninger. Hvis fristen for at indbringe sagen for EMD udl\u00f8ber i l\u00f8bet af de n\u00e6ste f\u00e5 dage, skal du skrive til mig og sp\u00f8rge, om jeg kan behandle din henvendelse som hastesag. P\u00e5 en s\u00e5dan e-mail lover jeg at svare inden for 24 timer. Hvis jeg bekr\u00e6fter, at jeg kan g\u00f8re det, og du straks sender de n\u00f8dvendige dokumenter og oplysninger, sender jeg dig mit svar p\u00e5 henvendelsen inden for de f\u00f8lgende 48 timer.<\/div>\n<div class=\"mywpcf7cf myshow myhide\">Hvis jeg vurderer, at en klage til EMD har rimelige udsigter, f\u00e5r du den pr\u00e6cise pris for at f\u00e5 den udarbejdet under hensyn til de klagepunkter, der er v\u00e6rd at rejse, og jeg skriver ganske kort, hvilke klagepunkter der ikke er v\u00e6rd at rejse. Samtidig sender jeg dig en aftale om udarbejdelsen af klagen. Ydelsen kan betales ved bankoverf\u00f8rsel til min konto i Schweiz eller p\u00e5 anden m\u00e5de afh\u00e6ngigt af, hvilket land betalingen kommer fra. Tidsplanen for udarbejdelsen af klagen vil altid g\u00f8re det muligt at indgive den til EMD inden den g\u00e6ldende frist. N\u00e5r arbejdet er f\u00e6rdigt, modtager du pr. e-mail den udfyldte klageformular, de tilh\u00f8rende bilag og en forklaring p\u00e5, hvordan alt skal printes, underskrives og sendes korrekt til EMD. Repr\u00e6sentation ved EMD og andet arbejde med sagen er ikke inkluderet i prisen for at f\u00e5 klagen udarbejdet. Hvis jeg derimod vurderer, at der ikke er rimelige udsigter til en klage til EMD, f\u00e5r du kun besked om det.<\/div>\n<div class=\"mywpcf7cf myshow myhide\">Denne ydelse er tydeligvis ikke noget for dig, hvis du uden t\u00f8ven kan sige ja til blot \u00e9t af disse udsagn:<\/div>\n<ul class=\"myshow myhide ec-service-blocker-list\"><li><label><input type=\"checkbox\" class=\"ec-service-blocker\" \/><span>Jeg har allerede en udfyldt klageformular og har kun brug for at f\u00e5 den kontrolleret for fejl.<\/span><\/label><\/li>\n<li><label><input type=\"checkbox\" class=\"ec-service-blocker\" \/><span>Jeg er ikke klar til at fremsende alle de n\u00f8dvendige sagsdokumenter.<\/span><\/label><\/li>\n<li><label><input type=\"checkbox\" class=\"ec-service-blocker\" \/><span>Jeg forventer udf\u00f8rlige forklaringer p\u00e5 hvert af mine klagepunkter, ogs\u00e5 n\u00e5r der ikke kan ses rimelige udsigter til en klage til EMD.<\/span><\/label><\/li>\n<li><label><input type=\"checkbox\" class=\"ec-service-blocker\" \/><span>Jeg forventer, at klagen bliver udarbejdet, ogs\u00e5 n\u00e5r der ikke kan ses rimelige udsigter til en klage til EMD.<\/span><\/label><\/li>\n<li><label><input type=\"checkbox\" class=\"ec-service-blocker\" \/><span>Ud fra antallet af klagepunkter og m\u00e6ngden af dokumenter i min sag st\u00e5r det allerede klart for mig, at udarbejdelsen af klagen vil kr\u00e6ve v\u00e6sentligt mere tid, end jeg er villig til at betale for.<\/span><\/label><\/li>\n<li><label><input type=\"checkbox\" class=\"ec-service-blocker\" \/><span>Jeg kan selv udfylde klageformularen i overensstemmelse med alle EMD&#8217;s krav, redeg\u00f8re for alle centrale faktiske omst\u00e6ndigheder, p\u00e5st\u00e5ede kr\u00e6nkelser og oplysninger om, hvordan antagelseskravene er opfyldt for hver p\u00e5st\u00e5et kr\u00e6nkelse, i n\u00f8je overensstemmelse med sagens materiale og den aktuelle EMD-praksis, der g\u00e6lder for min sag.<\/span><\/label><\/li><\/ul>\n<div class=\"mywpcf7cf myshow myhide\"><button type=\"button\" class=\"mybutton blue\" id=\"load_ajax_form\" data-ec-service-load=\"preparation\" data-blocked-message=\"S\u00e5 l\u00e6nge mindst \u00e9t udsagn er markeret, kan du ikke g\u00e5 videre. Hvis du har sat markeringen ved en fejl, skal du fjerne den.\">Send dokumenter<\/button><\/div>\n<div class=\"mywpcf7cf myshow myhide\"><a class=\"mybutton blue not-in-text-button\" href=\"mailto:oleg.anishchik@europeancourt.org?subject=Jeg vil gerne afklare vilk\u00e5rene\">Jeg vil gerne afklare vilk\u00e5rene<\/a><\/div>\n<div id=\"ec-service-load-status\" class=\"ec-service-load-status\" aria-live=\"polite\"><\/div>\n<\/div>\n<div id=\"ajax_content\"><\/div>\n<\/div>\n<script>\n(function(){\n  if (window.ecServiceBlockerGuardReady) return;\n  window.ecServiceBlockerGuardReady = true;\n  document.addEventListener('click', function(event) {\n    var button = event.target && event.target.closest ? event.target.closest('[data-ec-service-load]') : null;\n    if (!button) return;\n    var root = button.closest('.ec-service-page');\n    if (!root || !root.querySelector('.ec-service-blocker:checked')) return;\n    event.preventDefault();\n    event.stopPropagation();\n    if (event.stopImmediatePropagation) event.stopImmediatePropagation();\n    var status = root.querySelector('.ec-service-load-status');\n    if (status) status.textContent = button.getAttribute('data-blocked-message') || '';\n  }, true);\n})();\n<\/script>","protected":false},"excerpt":{"rendered":"Prisen for at f\u00e5 udarbejdet en klage til EMD afh\u00e6nger af, hvor mange arbejdstimer sagen kr\u00e6ver. Sp\u00e6ndet er meget stort: fra nogle f\u00e5 hundrede euro, hvis arbejdet kan klares p\u00e5 to til tre timer,&#46;&#46;&#46;","protected":false},"author":0,"featured_media":0,"parent":222226,"menu_order":0,"comment_status":"closed","ping_status":"closed","template":"","meta":{"footnotes":""},"categories":[],"tags":[],"class_list":["post-225229","page","type-page","status-publish","hentry"],"_links":{"self":[{"href":"https:\/\/europeancourt.org\/da\/wp-json\/wp\/v2\/pages\/225229","targetHints":{"allow":["GET"]}}],"collection":[{"href":"https:\/\/europeancourt.org\/da\/wp-json\/wp\/v2\/pages"}],"about":[{"href":"https:\/\/europeancourt.org\/da\/wp-json\/wp\/v2\/types\/page"}],"replies":[{"embeddable":true,"href":"https:\/\/europeancourt.org\/da\/wp-json\/wp\/v2\/comments?post=225229"}],"version-history":[{"count":1,"href":"https:\/\/europeancourt.org\/da\/wp-json\/wp\/v2\/pages\/225229\/revisions"}],"predecessor-version":[{"id":225570,"href":"https:\/\/europeancourt.org\/da\/wp-json\/wp\/v2\/pages\/225229\/revisions\/225570"}],"up":[{"embeddable":true,"href":"https:\/\/europeancourt.org\/da\/wp-json\/wp\/v2\/pages\/222226"}],"wp:attachment":[{"href":"https:\/\/europeancourt.org\/da\/wp-json\/wp\/v2\/media?parent=225229"}],"wp:term":[{"taxonomy":"category","embeddable":true,"href":"https:\/\/europeancourt.org\/da\/wp-json\/wp\/v2\/categories?post=225229"},{"taxonomy":"post_tag","embeddable":true,"href":"https:\/\/europeancourt.org\/da\/wp-json\/wp\/v2\/tags?post=225229"}],"curies":[{"name":"wp","href":"https:\/\/api.w.org\/{rel}","templated":true}]}}

<div id="ec-preparation-page" class="ec-service-page ec-service-preparation" data-service="preparation">
<div class="ec-service-screen ec-service-screen-1">
<div class="mywpcf7cf myshow myhide">Prisen for at få udarbejdet en klage til EMD afhænger af, hvor mange arbejdstimer sagen kræver. Spændet er meget stort: fra nogle få hundrede euro, hvis arbejdet kan klares på to til tre timer, til 10.000 euro eller mere, hvis der skal bruges snesevis af timer. Tiden går til at gennemgå dokumenterne, fastlægge de centrale faktiske omstændigheder, finde og analysere den aktuelle EMD-praksis både om sagens realitet og om antagelseskravene for hvert muligt klagepunkt, formulere klagepunkterne på det grundlag, begrunde hver påstået krænkelse, vise, at antagelseskravene er opfyldt for hver af dem, og derefter formulere det hele kort, klart og sammenhængende i klageformularen.</div>
<div class="mywpcf7cf myshow myhide">Jeg kan først vurdere, hvor meget tid din sag vil kræve, og dermed hvad det vil koste at få klagen udarbejdet, når jeg har set dokumenterne. Send alle afgørelser, du vil klage over, andre dokumenter om de foranstaltninger, du vil klage over, alle henvendelser til nationale myndigheder, herunder domstole, hvor disse klagepunkter reelt blev gjort gældende, samt alle afgørelser truffet på grundlag af disse henvendelser. Hvis du allerede har hele sagens materiale i elektronisk form, er det bedst at sende det samlet med det samme. Vær ikke bange for at sende for meget eller for at overse noget: hvis jeg efter at have gennemgået materialet har brug for flere dokumenter, beder jeg dig om dem.</div>
<div class="mywpcf7cf myshow myhide">Jeg svarer som regel inden for en uge på en forespørgsel om prisen for at få udarbejdet en klage, efter at jeg har modtaget alle nødvendige dokumenter og oplysninger. Hvis fristen for at indbringe sagen for EMD udløber i løbet af de næste få dage, skal du skrive til mig og spørge, om jeg kan behandle din henvendelse som hastesag. På en sådan e-mail lover jeg at svare inden for 24 timer. Hvis jeg bekræfter, at jeg kan gøre det, og du straks sender de nødvendige dokumenter og oplysninger, sender jeg dig mit svar på henvendelsen inden for de følgende 48 timer.</div>
<div class="mywpcf7cf myshow myhide">Hvis jeg vurderer, at en klage til EMD har rimelige udsigter, får du den præcise pris for at få den udarbejdet under hensyn til de klagepunkter, der er værd at rejse, og jeg skriver ganske kort, hvilke klagepunkter der ikke er værd at rejse. Samtidig sender jeg dig en aftale om udarbejdelsen af klagen. Ydelsen kan betales ved bankoverførsel til min konto i Schweiz eller på anden måde afhængigt af, hvilket land betalingen kommer fra. Tidsplanen for udarbejdelsen af klagen vil altid gøre det muligt at indgive den til EMD inden den gældende frist. Når arbejdet er færdigt, modtager du pr. e-mail den udfyldte klageformular, de tilhørende bilag og en forklaring på, hvordan alt skal printes, underskrives og sendes korrekt til EMD. Repræsentation ved EMD og andet arbejde med sagen er ikke inkluderet i prisen for at få klagen udarbejdet. Hvis jeg derimod vurderer, at der ikke er rimelige udsigter til en klage til EMD, får du kun besked om det.</div>
<div class="mywpcf7cf myshow myhide">Denne ydelse er tydeligvis ikke noget for dig, hvis du uden tøven kan sige ja til blot ét af disse udsagn:</div>
<ul class="myshow myhide ec-service-blocker-list"><li><label><input type="checkbox" class="ec-service-blocker" /><span>Jeg har allerede en udfyldt klageformular og har kun brug for at få den kontrolleret for fejl.</span></label></li>
<li><label><input type="checkbox" class="ec-service-blocker" /><span>Jeg er ikke klar til at fremsende alle de nødvendige sagsdokumenter.</span></label></li>
<li><label><input type="checkbox" class="ec-service-blocker" /><span>Jeg forventer udførlige forklaringer på hvert af mine klagepunkter, også når der ikke kan ses rimelige udsigter til en klage til EMD.</span></label></li>
<li><label><input type="checkbox" class="ec-service-blocker" /><span>Jeg forventer, at klagen bliver udarbejdet, også når der ikke kan ses rimelige udsigter til en klage til EMD.</span></label></li>
<li><label><input type="checkbox" class="ec-service-blocker" /><span>Ud fra antallet af klagepunkter og mængden af dokumenter i min sag står det allerede klart for mig, at udarbejdelsen af klagen vil kræve væsentligt mere tid, end jeg er villig til at betale for.</span></label></li>
<li><label><input type="checkbox" class="ec-service-blocker" /><span>Jeg kan selv udfylde klageformularen i overensstemmelse med alle EMD&#8217;s krav, redegøre for alle centrale faktiske omstændigheder, påståede krænkelser og oplysninger om, hvordan antagelseskravene er opfyldt for hver påstået krænkelse, i nøje overensstemmelse med sagens materiale og den aktuelle EMD-praksis, der gælder for min sag.</span></label></li></ul>
<div class="mywpcf7cf myshow myhide"><button type="button" class="mybutton blue" id="load_ajax_form" data-ec-service-load="preparation" data-blocked-message="Så længe mindst ét udsagn er markeret, kan du ikke gå videre. Hvis du har sat markeringen ved en fejl, skal du fjerne den.">Send dokumenter</button></div>
<div class="mywpcf7cf myshow myhide"><a class="mybutton blue not-in-text-button" href="mailto:oleg.anishchik@europeancourt.org?subject=Jeg vil gerne afklare vilkårene">Jeg vil gerne afklare vilkårene</a></div>
<div id="ec-service-load-status" class="ec-service-load-status" aria-live="polite"></div>
</div>
<div id="ajax_content"></div>
</div>
<script>
(function(){
  if (window.ecServiceBlockerGuardReady) return;
  window.ecServiceBlockerGuardReady = true;
  document.addEventListener('click', function(event) {
    var button = event.target && event.target.closest ? event.target.closest('[data-ec-service-load]') : null;
    if (!button) return;
    var root = button.closest('.ec-service-page');
    if (!root || !root.querySelector('.ec-service-blocker:checked')) return;
    event.preventDefault();
    event.stopPropagation();
    if (event.stopImmediatePropagation) event.stopImmediatePropagation();
    var status = root.querySelector('.ec-service-load-status');
    if (status) status.textContent = button.getAttribute('data-blocked-message') || '';
  }, true);
})();
</script>

Prisen for at få udarbejdet en klage til EMD afhænger af, hvor mange arbejdstimer sagen kræver. Spændet er meget stort: fra nogle få hundrede euro, hvis arbejdet kan klares på to til tre timer,&#46;&#46;&#46;
