{"id":225233,"date":"2026-04-26T14:48:47","date_gmt":"2026-04-26T12:48:47","guid":{"rendered":"https:\/\/europeancourt.org\/ydelser\/emrd\/repr%c3%a6sentation-af-klagere-ved-emrd\/"},"modified":"2026-04-26T16:57:36","modified_gmt":"2026-04-26T14:57:36","slug":"repr%c3%a6sentation-af-klagere-ved-emrd","status":"publish","type":"page","link":"https:\/\/europeancourt.org\/da\/ydelser\/emrd\/repr%c3%a6sentation-af-klagere-ved-emrd\/","title":{"rendered":"Repr\u00e6sentation af klagere ved EMRD"},"content":{"rendered":"<div id=\"ec-representation-page\" class=\"ec-service-page ec-service-representation\" data-service=\"representation\">\n<div class=\"ec-service-screen ec-service-screen-1\">\n<div class=\"mywpcf7cf myshow myhide\">Denne ydelse tilbydes kun i sager, hvor klagen allerede er kommunikeret til den indklagede regering, og EMD har underrettet klageren om, at der skal indgives skriftlige bem\u00e6rkninger.<\/div>\n<div class=\"mywpcf7cf myshow myhide\">Prisen for repr\u00e6sentation ved EMD afh\u00e6nger af, hvor meget arbejde der skal l\u00e6gges i at besvare EMD&#8217;s sp\u00f8rgsm\u00e5l, kommentere den indklagede regerings argumenter og, n\u00e5r det er n\u00f8dvendigt, pr\u00e6cisere de faktiske omst\u00e6ndigheder og frems\u00e6tte krav om passende erstatning. Sp\u00e6ndet er meget stort: fra nogle f\u00e5 hundrede euro, hvis det hele kan klares p\u00e5 to til tre timer, til 10.000 euro eller mere, hvis der skal bruges snesevis af timer.<\/div>\n<div class=\"mywpcf7cf myshow myhide\">Jeg kan f\u00f8rst vurdere, hvor meget tid din sag vil kr\u00e6ve, og dermed hvad repr\u00e6sentationen vil koste, n\u00e5r jeg har set dokumenterne. Send klagen med alle bilag, alt, hvad der siden er sendt til EMD i sagen, og alt, hvad du har modtaget fra EMD. Hvis jeg har brug for yderligere dokumenter, beder jeg dig om dem.<\/div>\n<div class=\"mywpcf7cf myshow myhide\">Jeg svarer som regel inden for en uge p\u00e5 en foresp\u00f8rgsel om prisen for repr\u00e6sentation ved EMD, efter at jeg har modtaget alle n\u00f8dvendige dokumenter og oplysninger. Hvis den frist, EMD har fastsat for indsendelse af bem\u00e6rkninger eller andet materiale, udl\u00f8ber i l\u00f8bet af de n\u00e6ste f\u00e5 dage, skal du skrive til mig og sp\u00f8rge, om jeg kan behandle din henvendelse som hastesag. P\u00e5 en s\u00e5dan e-mail lover jeg at svare inden for 24 timer. Hvis jeg bekr\u00e6fter, at jeg kan g\u00f8re det, og du straks sender de n\u00f8dvendige dokumenter og oplysninger, sender jeg dig mit svar p\u00e5 henvendelsen inden for de f\u00f8lgende 48 timer.<\/div>\n<div class=\"mywpcf7cf myshow myhide\">Sammen med prisoplysningen sender jeg dig ogs\u00e5, s\u00e5 vi ikke mister tid, aftalen og en udfyldt fuldmagtsblanket til repr\u00e6sentation ved EMD. Fuldmagten skal printes, underskrives og sendes med almindelig post til min adresse i Frankrig. Ydelsen kan betales ved bankoverf\u00f8rsel til min konto i Schweiz eller p\u00e5 anden m\u00e5de afh\u00e6ngigt af, hvilket land betalingen kommer fra, efter at dokumenterne til EMD er udarbejdet. Det er dog bedre at betale, f\u00f8r de sendes til EMD, s\u00e5 dokumentation for betalingen kan vedl\u00e6gges kravene om passende erstatning. S\u00e5 er det langt lettere at begrunde et krav om godtg\u00f8relse for de udgifter, der allerede er afholdt til repr\u00e6sentationen af klageren ved Domstolen.<\/div>\n<div class=\"mywpcf7cf myshow myhide\">Denne ydelse er tydeligvis ikke noget for dig, hvis du uden t\u00f8ven kan sige ja til blot \u00e9t af disse udsagn:<\/div>\n<ul class=\"myshow myhide ec-service-blocker-list\"><li><label><input type=\"checkbox\" class=\"ec-service-blocker\" \/><span>Min klage er endnu ikke kommunikeret til den indklagede regering af EMD, eller ogs\u00e5 er den kommunikeret uden anmodning om skriftlige bem\u00e6rkninger.<\/span><\/label><\/li>\n<li><label><input type=\"checkbox\" class=\"ec-service-blocker\" \/><span>Jeg er ikke klar til at fremsende alle de n\u00f8dvendige dokumenter.<\/span><\/label><\/li>\n<li><label><input type=\"checkbox\" class=\"ec-service-blocker\" \/><span>Jeg er ikke klar til at forholde mig til fuldmagten og sende den med almindelig post.<\/span><\/label><\/li>\n<li><label><input type=\"checkbox\" class=\"ec-service-blocker\" \/><span>Jeg er ikke klar til undervejs i arbejdet at besvare opklarende sp\u00f8rgsm\u00e5l og fremsende yderligere dokumenter, hvis der bliver brug for dem.<\/span><\/label><\/li><\/ul>\n<div class=\"mywpcf7cf myshow myhide\"><button type=\"button\" class=\"mybutton blue\" id=\"load_ajax_form\" data-ec-service-load=\"representation\" data-blocked-message=\"S\u00e5 l\u00e6nge mindst \u00e9t udsagn er markeret, kan du ikke g\u00e5 videre. Hvis du har sat markeringen ved en fejl, skal du fjerne den.\">Send dokumenter<\/button><\/div>\n<div class=\"mywpcf7cf myshow myhide\"><a class=\"mybutton blue not-in-text-button\" href=\"mailto:oleg.anishchik@europeancourt.org?subject=Jeg vil gerne afklare vilk\u00e5rene\">Jeg vil gerne afklare vilk\u00e5rene<\/a><\/div>\n<div id=\"ec-service-load-status\" class=\"ec-service-load-status\" aria-live=\"polite\"><\/div>\n<\/div>\n<div id=\"ajax_content\"><\/div>\n<\/div>\n<script>\n(function(){\n  if (window.ecServiceBlockerGuardReady) return;\n  window.ecServiceBlockerGuardReady = true;\n  document.addEventListener('click', function(event) {\n    var button = event.target && event.target.closest ? event.target.closest('[data-ec-service-load]') : null;\n    if (!button) return;\n    var root = button.closest('.ec-service-page');\n    if (!root || !root.querySelector('.ec-service-blocker:checked')) return;\n    event.preventDefault();\n    event.stopPropagation();\n    if (event.stopImmediatePropagation) event.stopImmediatePropagation();\n    var status = root.querySelector('.ec-service-load-status');\n    if (status) status.textContent = button.getAttribute('data-blocked-message') || '';\n  }, true);\n})();\n<\/script>","protected":false},"excerpt":{"rendered":"Denne ydelse tilbydes kun i sager, hvor klagen allerede er kommunikeret til den indklagede regering, og EMD har underrettet klageren om, at der skal indgives skriftlige bem\u00e6rkninger. Prisen for repr\u00e6sentation ved EMD afh\u00e6nger af,&#46;&#46;&#46;","protected":false},"author":0,"featured_media":0,"parent":222226,"menu_order":0,"comment_status":"closed","ping_status":"closed","template":"","meta":{"footnotes":""},"categories":[],"tags":[],"class_list":["post-225233","page","type-page","status-publish","hentry"],"_links":{"self":[{"href":"https:\/\/europeancourt.org\/da\/wp-json\/wp\/v2\/pages\/225233","targetHints":{"allow":["GET"]}}],"collection":[{"href":"https:\/\/europeancourt.org\/da\/wp-json\/wp\/v2\/pages"}],"about":[{"href":"https:\/\/europeancourt.org\/da\/wp-json\/wp\/v2\/types\/page"}],"replies":[{"embeddable":true,"href":"https:\/\/europeancourt.org\/da\/wp-json\/wp\/v2\/comments?post=225233"}],"version-history":[{"count":1,"href":"https:\/\/europeancourt.org\/da\/wp-json\/wp\/v2\/pages\/225233\/revisions"}],"predecessor-version":[{"id":225571,"href":"https:\/\/europeancourt.org\/da\/wp-json\/wp\/v2\/pages\/225233\/revisions\/225571"}],"up":[{"embeddable":true,"href":"https:\/\/europeancourt.org\/da\/wp-json\/wp\/v2\/pages\/222226"}],"wp:attachment":[{"href":"https:\/\/europeancourt.org\/da\/wp-json\/wp\/v2\/media?parent=225233"}],"wp:term":[{"taxonomy":"category","embeddable":true,"href":"https:\/\/europeancourt.org\/da\/wp-json\/wp\/v2\/categories?post=225233"},{"taxonomy":"post_tag","embeddable":true,"href":"https:\/\/europeancourt.org\/da\/wp-json\/wp\/v2\/tags?post=225233"}],"curies":[{"name":"wp","href":"https:\/\/api.w.org\/{rel}","templated":true}]}}

Repræsentation af klagere ved EMRD

<div id="ec-representation-page" class="ec-service-page ec-service-representation" data-service="representation">
<div class="ec-service-screen ec-service-screen-1">
<div class="mywpcf7cf myshow myhide">Denne ydelse tilbydes kun i sager, hvor klagen allerede er kommunikeret til den indklagede regering, og EMD har underrettet klageren om, at der skal indgives skriftlige bemærkninger.</div>
<div class="mywpcf7cf myshow myhide">Prisen for repræsentation ved EMD afhænger af, hvor meget arbejde der skal lægges i at besvare EMD&#8217;s spørgsmål, kommentere den indklagede regerings argumenter og, når det er nødvendigt, præcisere de faktiske omstændigheder og fremsætte krav om passende erstatning. Spændet er meget stort: fra nogle få hundrede euro, hvis det hele kan klares på to til tre timer, til 10.000 euro eller mere, hvis der skal bruges snesevis af timer.</div>
<div class="mywpcf7cf myshow myhide">Jeg kan først vurdere, hvor meget tid din sag vil kræve, og dermed hvad repræsentationen vil koste, når jeg har set dokumenterne. Send klagen med alle bilag, alt, hvad der siden er sendt til EMD i sagen, og alt, hvad du har modtaget fra EMD. Hvis jeg har brug for yderligere dokumenter, beder jeg dig om dem.</div>
<div class="mywpcf7cf myshow myhide">Jeg svarer som regel inden for en uge på en forespørgsel om prisen for repræsentation ved EMD, efter at jeg har modtaget alle nødvendige dokumenter og oplysninger. Hvis den frist, EMD har fastsat for indsendelse af bemærkninger eller andet materiale, udløber i løbet af de næste få dage, skal du skrive til mig og spørge, om jeg kan behandle din henvendelse som hastesag. På en sådan e-mail lover jeg at svare inden for 24 timer. Hvis jeg bekræfter, at jeg kan gøre det, og du straks sender de nødvendige dokumenter og oplysninger, sender jeg dig mit svar på henvendelsen inden for de følgende 48 timer.</div>
<div class="mywpcf7cf myshow myhide">Sammen med prisoplysningen sender jeg dig også, så vi ikke mister tid, aftalen og en udfyldt fuldmagtsblanket til repræsentation ved EMD. Fuldmagten skal printes, underskrives og sendes med almindelig post til min adresse i Frankrig. Ydelsen kan betales ved bankoverførsel til min konto i Schweiz eller på anden måde afhængigt af, hvilket land betalingen kommer fra, efter at dokumenterne til EMD er udarbejdet. Det er dog bedre at betale, før de sendes til EMD, så dokumentation for betalingen kan vedlægges kravene om passende erstatning. Så er det langt lettere at begrunde et krav om godtgørelse for de udgifter, der allerede er afholdt til repræsentationen af klageren ved Domstolen.</div>
<div class="mywpcf7cf myshow myhide">Denne ydelse er tydeligvis ikke noget for dig, hvis du uden tøven kan sige ja til blot ét af disse udsagn:</div>
<ul class="myshow myhide ec-service-blocker-list"><li><label><input type="checkbox" class="ec-service-blocker" /><span>Min klage er endnu ikke kommunikeret til den indklagede regering af EMD, eller også er den kommunikeret uden anmodning om skriftlige bemærkninger.</span></label></li>
<li><label><input type="checkbox" class="ec-service-blocker" /><span>Jeg er ikke klar til at fremsende alle de nødvendige dokumenter.</span></label></li>
<li><label><input type="checkbox" class="ec-service-blocker" /><span>Jeg er ikke klar til at forholde mig til fuldmagten og sende den med almindelig post.</span></label></li>
<li><label><input type="checkbox" class="ec-service-blocker" /><span>Jeg er ikke klar til undervejs i arbejdet at besvare opklarende spørgsmål og fremsende yderligere dokumenter, hvis der bliver brug for dem.</span></label></li></ul>
<div class="mywpcf7cf myshow myhide"><button type="button" class="mybutton blue" id="load_ajax_form" data-ec-service-load="representation" data-blocked-message="Så længe mindst ét udsagn er markeret, kan du ikke gå videre. Hvis du har sat markeringen ved en fejl, skal du fjerne den.">Send dokumenter</button></div>
<div class="mywpcf7cf myshow myhide"><a class="mybutton blue not-in-text-button" href="mailto:oleg.anishchik@europeancourt.org?subject=Jeg vil gerne afklare vilkårene">Jeg vil gerne afklare vilkårene</a></div>
<div id="ec-service-load-status" class="ec-service-load-status" aria-live="polite"></div>
</div>
<div id="ajax_content"></div>
</div>
<script>
(function(){
  if (window.ecServiceBlockerGuardReady) return;
  window.ecServiceBlockerGuardReady = true;
  document.addEventListener('click', function(event) {
    var button = event.target && event.target.closest ? event.target.closest('[data-ec-service-load]') : null;
    if (!button) return;
    var root = button.closest('.ec-service-page');
    if (!root || !root.querySelector('.ec-service-blocker:checked')) return;
    event.preventDefault();
    event.stopPropagation();
    if (event.stopImmediatePropagation) event.stopImmediatePropagation();
    var status = root.querySelector('.ec-service-load-status');
    if (status) status.textContent = button.getAttribute('data-blocked-message') || '';
  }, true);
})();
</script>

Denne ydelse tilbydes kun i sager, hvor klagen allerede er kommunikeret til den indklagede regering, og EMD har underrettet klageren om, at der skal indgives skriftlige bemærkninger. Prisen for repræsentation ved EMD afhænger af,&#46;&#46;&#46;
