{"id":225235,"date":"2026-04-26T14:48:59","date_gmt":"2026-04-26T12:48:59","guid":{"rendered":"https:\/\/europeancourt.org\/juridisk-r%c3%a5dgivning\/"},"modified":"2026-04-26T16:57:37","modified_gmt":"2026-04-26T14:57:37","slug":"juridisk-r%c3%a5dgivning","status":"publish","type":"page","link":"https:\/\/europeancourt.org\/da\/juridisk-r%c3%a5dgivning\/","title":{"rendered":"Juridisk r\u00e5dgivning"},"content":{"rendered":"<div class=\"mywpcf7cf myshow myhide\">Jeg har brug for:<\/div>\n\n<div class=\"myshow myhide\"><span class=\"wpcf7-radio\"><span class=\"wpcf7-list-item\"><label><span class=\"wpcf7-list-item-label\">f\u00e5 udarbejdet en klage til EMD<\/span><\/label><\/span><\/span><\/div>\n\n<div class=\"myshow myhide\"><span class=\"wpcf7-radio\"><span class=\"wpcf7-list-item\"><label><span class=\"wpcf7-list-item-label\">f\u00e5 klageformularen kontrolleret for fejl, f\u00f8r den sendes til EMD<\/span><\/label><\/span><\/span><\/div>\n\n<div class=\"myshow myhide\"><span class=\"wpcf7-radio\"><span class=\"wpcf7-list-item\"><label><span class=\"wpcf7-list-item-label\">f\u00e5 repr\u00e6sentation ved EMD, n\u00e5r klagen er kommunikeret til den indklagede regering, og der skal indgives skriftlige bem\u00e6rkninger<\/span><\/label><\/span><\/span><\/div>\n\n<div class=\"myshow myhide\"><span class=\"wpcf7-radio\"><span class=\"wpcf7-list-item\"><label><span class=\"wpcf7-list-item-label\">f\u00e5 oplyst status for min klage til EMD<\/span><\/label><\/span><\/span><\/div>\n\n<div class=\"myshow myhide\"><span class=\"wpcf7-radio\"><span class=\"wpcf7-list-item\"><label><span class=\"wpcf7-list-item-label\">hente klageformularen til EMD<\/span><\/label><\/span><\/span><\/div>\n\n<div class=\"myshow myhide\"><span class=\"wpcf7-radio\"><span class=\"wpcf7-list-item\"><label><span class=\"wpcf7-list-item-label\">anmode om en konsultation<\/span><\/label><\/span><\/span><\/div>\n\n<div class=\"myshow myhide\"><span class=\"wpcf7-radio\"><span class=\"wpcf7-list-item\"><label><span class=\"wpcf7-list-item-label\">vis kontaktoplysninger<\/span><\/label><\/span><\/span><\/div>\n<div id=\"ajax_content\"><\/div>","protected":false},"excerpt":{"rendered":"Jeg har brug for: f\u00e5 udarbejdet en klage til EMD f\u00e5 klageformularen kontrolleret for fejl, f\u00f8r den sendes til EMD f\u00e5 repr\u00e6sentation ved EMD, n\u00e5r klagen er kommunikeret til den indklagede regering, og der&#46;&#46;&#46;","protected":false},"author":0,"featured_media":0,"parent":0,"menu_order":0,"comment_status":"closed","ping_status":"closed","template":"","meta":{"footnotes":""},"categories":[],"tags":[],"class_list":["post-225235","page","type-page","status-publish","hentry"],"_links":{"self":[{"href":"https:\/\/europeancourt.org\/da\/wp-json\/wp\/v2\/pages\/225235","targetHints":{"allow":["GET"]}}],"collection":[{"href":"https:\/\/europeancourt.org\/da\/wp-json\/wp\/v2\/pages"}],"about":[{"href":"https:\/\/europeancourt.org\/da\/wp-json\/wp\/v2\/types\/page"}],"replies":[{"embeddable":true,"href":"https:\/\/europeancourt.org\/da\/wp-json\/wp\/v2\/comments?post=225235"}],"version-history":[{"count":3,"href":"https:\/\/europeancourt.org\/da\/wp-json\/wp\/v2\/pages\/225235\/revisions"}],"predecessor-version":[{"id":225572,"href":"https:\/\/europeancourt.org\/da\/wp-json\/wp\/v2\/pages\/225235\/revisions\/225572"}],"wp:attachment":[{"href":"https:\/\/europeancourt.org\/da\/wp-json\/wp\/v2\/media?parent=225235"}],"wp:term":[{"taxonomy":"category","embeddable":true,"href":"https:\/\/europeancourt.org\/da\/wp-json\/wp\/v2\/categories?post=225235"},{"taxonomy":"post_tag","embeddable":true,"href":"https:\/\/europeancourt.org\/da\/wp-json\/wp\/v2\/tags?post=225235"}],"curies":[{"name":"wp","href":"https:\/\/api.w.org\/{rel}","templated":true}]}}

Juridisk rådgivning

<div class="mywpcf7cf myshow myhide">Jeg har brug for:</div>

<div class="myshow myhide"><span class="wpcf7-radio"><span class="wpcf7-list-item"><label><span class="wpcf7-list-item-label">få udarbejdet en klage til EMD</span></label></span></span></div>

<div class="myshow myhide"><span class="wpcf7-radio"><span class="wpcf7-list-item"><label><span class="wpcf7-list-item-label">få klageformularen kontrolleret for fejl, før den sendes til EMD</span></label></span></span></div>

<div class="myshow myhide"><span class="wpcf7-radio"><span class="wpcf7-list-item"><label><span class="wpcf7-list-item-label">få repræsentation ved EMD, når klagen er kommunikeret til den indklagede regering, og der skal indgives skriftlige bemærkninger</span></label></span></span></div>

<div class="myshow myhide"><span class="wpcf7-radio"><span class="wpcf7-list-item"><label><span class="wpcf7-list-item-label">få oplyst status for min klage til EMD</span></label></span></span></div>

<div class="myshow myhide"><span class="wpcf7-radio"><span class="wpcf7-list-item"><label><span class="wpcf7-list-item-label">hente klageformularen til EMD</span></label></span></span></div>

<div class="myshow myhide"><span class="wpcf7-radio"><span class="wpcf7-list-item"><label><span class="wpcf7-list-item-label">anmode om en konsultation</span></label></span></span></div>

<div class="myshow myhide"><span class="wpcf7-radio"><span class="wpcf7-list-item"><label><span class="wpcf7-list-item-label">vis kontaktoplysninger</span></label></span></span></div>
<div id="ajax_content"></div>

Jeg har brug for: få udarbejdet en klage til EMD få klageformularen kontrolleret for fejl, før den sendes til EMD få repræsentation ved EMD, når klagen er kommunikeret til den indklagede regering, og der&#46;&#46;&#46;
