{"id":225267,"date":"2026-04-26T14:48:47","date_gmt":"2026-04-26T12:48:47","guid":{"rendered":"https:\/\/europeancourt.org\/teenused\/eik\/kaebajate-esindamine-eiks\/"},"modified":"2026-04-26T17:00:44","modified_gmt":"2026-04-26T15:00:44","slug":"kaebajate-esindamine-eiks","status":"publish","type":"page","link":"https:\/\/europeancourt.org\/et\/teenused\/eik\/kaebajate-esindamine-eiks\/","title":{"rendered":"Kaebajate esindamine EIKs"},"content":{"rendered":"<div id=\"ec-representation-page\" class=\"ec-service-page ec-service-representation\" data-service=\"representation\">\n<div class=\"ec-service-screen ec-service-screen-1\">\n<div class=\"mywpcf7cf myshow myhide\">Seda teenust pakun ainult avalduste puhul, mille EIK on vastustavale valitsusele juba teatavaks teinud ja mille kohta EIK on kaebajale teatanud, et tal tuleb esitada kirjalikud seisukohad.<\/div>\n<div class=\"mywpcf7cf myshow myhide\">EIKis esindamise hind s\u00f5ltub sellest, kui palju aega kulub EIKi k\u00fcsimustele vastuste ettevalmistamiseks, vastustajariigi v\u00e4idetele vastuv\u00e4idete koostamiseks ning vajaduse korral faktiliste asjaolude t\u00e4psustamiseks ja \u00f5iglase h\u00fcvituse n\u00f5uete koostamiseks. Hinnavahemik on siin v\u00e4ga lai: m\u00f5nesajast eurost, kui k\u00f5ik mahub kahe-kolme tunni sisse, kuni 10 000 euroni v\u00f5i rohkem, kui t\u00f6\u00f6ks kulub k\u00fcmneid tunde.<\/div>\n<div class=\"mywpcf7cf myshow myhide\">Kui palju aega l\u00e4heb vaja just teie asjas ja kui palju esindamine seet\u00f5ttu maksab, saan hinnata ainult dokumentide p\u00f5hjal. Esitage avaldus koos k\u00f5igi lisadega, samuti k\u00f5ik, mis on sellega seoses EIKile t\u00e4iendavalt saadetud, ja k\u00f5ik, mis on EIKilt saadud. Kui vajan lisadokumente, k\u00fcsin need teilt.<\/div>\n<div class=\"mywpcf7cf myshow myhide\">Tavaliselt vastan EIKis esindamise hinnap\u00e4ringule \u00fche n\u00e4dala jooksul p\u00e4rast k\u00f5igi vajalike dokumentide ja teabe saamist. Kui EIKi m\u00e4\u00e4ratud t\u00e4htaeg kirjalike seisukohtade v\u00f5i muude materjalide esitamiseks l\u00f5peb l\u00e4hip\u00e4evil, kirjutage mulle ja k\u00fcsige, kas saan teie p\u00e4ringu kiirkorras l\u00e4bi vaadata. Luban sellisele kirjale vastata 24 tunni jooksul. Kui kinnitan, et saan seda teha, ja te esitate kohe vajalikud dokumendid ja teabe, luban anda vastuse hinnap\u00e4ringule j\u00e4rgmise 48 tunni jooksul.<\/div>\n<div class=\"mywpcf7cf myshow myhide\">Kui teatan teile teenuse hinna, saadan aja s\u00e4\u00e4stmiseks ka lepingu ja EIKis esindamiseks t\u00e4idetud volikirja vormi. Volikiri tuleb v\u00e4lja printida, allkirjastada ja saata paberpostiga minu aadressile Prantsusmaal. Teenuse eest saab p\u00e4rast EIKile esitatavate dokumentide ettevalmistamist tasuda panga\u00fclekandega minu \u0160veitsi pangakontole v\u00f5i s\u00f5ltuvalt makse riigist muul viisil. Makse on siiski parem teha enne dokumentide EIKile saatmist, et \u00f5iglase h\u00fcvituse n\u00f5uetele saaks lisada makset t\u00f5endava dokumendi: nii on palju lihtsam p\u00f5hjendada n\u00f5uet h\u00fcvitada kulud, mis on kaebaja EIKis esindamiseks juba kantud.<\/div>\n<div class=\"mywpcf7cf myshow myhide\">See teenus ei sobi teile, kui m\u00f5ni j\u00e4rgmistest v\u00e4idetest k\u00e4ib kindlalt teie kohta:<\/div>\n<ul class=\"myshow myhide ec-service-blocker-list\"><li><label><input type=\"checkbox\" class=\"ec-service-blocker\" \/><span>Minu avaldust ei ole EIK veel vastustavale valitsusele teatavaks teinud v\u00f5i on avaldus teatavaks tehtud ilma kirjalike seisukohtade esitamise n\u00f5udeta.<\/span><\/label><\/li>\n<li><label><input type=\"checkbox\" class=\"ec-service-blocker\" \/><span>Ma ei ole valmis esitama k\u00f5iki vajalikke dokumente.<\/span><\/label><\/li>\n<li><label><input type=\"checkbox\" class=\"ec-service-blocker\" \/><span>Ma ei ole valmis volikirja vormistama ega seda paberpostiga saatma.<\/span><\/label><\/li>\n<li><label><input type=\"checkbox\" class=\"ec-service-blocker\" \/><span>Ma ei ole valmis t\u00f6\u00f6 k\u00e4igus vastama t\u00e4psustavatele k\u00fcsimustele ja esitama vajaduse korral lisadokumente.<\/span><\/label><\/li><\/ul>\n<div class=\"mywpcf7cf myshow myhide\"><button type=\"button\" class=\"mybutton blue\" id=\"load_ajax_form\" data-ec-service-load=\"representation\" data-blocked-message=\"Edasi ei saa liikuda, kuni m\u00f5ni v\u00e4ide on m\u00e4rgitud. Kui m\u00e4rkisite v\u00e4ite kogemata, eemaldage m\u00e4rge.\">Esita dokumendid<\/button><\/div>\n<div class=\"mywpcf7cf myshow myhide\"><a class=\"mybutton blue not-in-text-button\" href=\"mailto:oleg.anishchik@europeancourt.org?subject=Soovin tingimusi t\u00e4psustada\">Soovin tingimusi t\u00e4psustada<\/a><\/div>\n<div id=\"ec-service-load-status\" class=\"ec-service-load-status\" aria-live=\"polite\"><\/div>\n<\/div>\n<div id=\"ajax_content\"><\/div>\n<\/div>\n<script>\n(function(){\n  if (window.ecServiceBlockerGuardReady) return;\n  window.ecServiceBlockerGuardReady = true;\n  document.addEventListener('click', function(event) {\n    var button = event.target && event.target.closest ? event.target.closest('[data-ec-service-load]') : null;\n    if (!button) return;\n    var root = button.closest('.ec-service-page');\n    if (!root || !root.querySelector('.ec-service-blocker:checked')) return;\n    event.preventDefault();\n    event.stopPropagation();\n    if (event.stopImmediatePropagation) event.stopImmediatePropagation();\n    var status = root.querySelector('.ec-service-load-status');\n    if (status) status.textContent = button.getAttribute('data-blocked-message') || '';\n  }, true);\n})();\n<\/script>","protected":false},"excerpt":{"rendered":"Seda teenust pakun ainult avalduste puhul, mille EIK on vastustavale valitsusele juba teatavaks teinud ja mille kohta EIK on kaebajale teatanud, et tal tuleb esitada kirjalikud seisukohad. EIKis esindamise hind s\u00f5ltub sellest, kui palju&#46;&#46;&#46;","protected":false},"author":0,"featured_media":0,"parent":222209,"menu_order":0,"comment_status":"closed","ping_status":"closed","template":"","meta":{"footnotes":""},"categories":[],"tags":[],"class_list":["post-225267","page","type-page","status-publish","hentry"],"_links":{"self":[{"href":"https:\/\/europeancourt.org\/et\/wp-json\/wp\/v2\/pages\/225267","targetHints":{"allow":["GET"]}}],"collection":[{"href":"https:\/\/europeancourt.org\/et\/wp-json\/wp\/v2\/pages"}],"about":[{"href":"https:\/\/europeancourt.org\/et\/wp-json\/wp\/v2\/types\/page"}],"replies":[{"embeddable":true,"href":"https:\/\/europeancourt.org\/et\/wp-json\/wp\/v2\/comments?post=225267"}],"version-history":[{"count":1,"href":"https:\/\/europeancourt.org\/et\/wp-json\/wp\/v2\/pages\/225267\/revisions"}],"predecessor-version":[{"id":225586,"href":"https:\/\/europeancourt.org\/et\/wp-json\/wp\/v2\/pages\/225267\/revisions\/225586"}],"up":[{"embeddable":true,"href":"https:\/\/europeancourt.org\/et\/wp-json\/wp\/v2\/pages\/222209"}],"wp:attachment":[{"href":"https:\/\/europeancourt.org\/et\/wp-json\/wp\/v2\/media?parent=225267"}],"wp:term":[{"taxonomy":"category","embeddable":true,"href":"https:\/\/europeancourt.org\/et\/wp-json\/wp\/v2\/categories?post=225267"},{"taxonomy":"post_tag","embeddable":true,"href":"https:\/\/europeancourt.org\/et\/wp-json\/wp\/v2\/tags?post=225267"}],"curies":[{"name":"wp","href":"https:\/\/api.w.org\/{rel}","templated":true}]}}

<div id="ec-representation-page" class="ec-service-page ec-service-representation" data-service="representation">
<div class="ec-service-screen ec-service-screen-1">
<div class="mywpcf7cf myshow myhide">Seda teenust pakun ainult avalduste puhul, mille EIK on vastustavale valitsusele juba teatavaks teinud ja mille kohta EIK on kaebajale teatanud, et tal tuleb esitada kirjalikud seisukohad.</div>
<div class="mywpcf7cf myshow myhide">EIKis esindamise hind sõltub sellest, kui palju aega kulub EIKi küsimustele vastuste ettevalmistamiseks, vastustajariigi väidetele vastuväidete koostamiseks ning vajaduse korral faktiliste asjaolude täpsustamiseks ja õiglase hüvituse nõuete koostamiseks. Hinnavahemik on siin väga lai: mõnesajast eurost, kui kõik mahub kahe-kolme tunni sisse, kuni 10 000 euroni või rohkem, kui tööks kulub kümneid tunde.</div>
<div class="mywpcf7cf myshow myhide">Kui palju aega läheb vaja just teie asjas ja kui palju esindamine seetõttu maksab, saan hinnata ainult dokumentide põhjal. Esitage avaldus koos kõigi lisadega, samuti kõik, mis on sellega seoses EIKile täiendavalt saadetud, ja kõik, mis on EIKilt saadud. Kui vajan lisadokumente, küsin need teilt.</div>
<div class="mywpcf7cf myshow myhide">Tavaliselt vastan EIKis esindamise hinnapäringule ühe nädala jooksul pärast kõigi vajalike dokumentide ja teabe saamist. Kui EIKi määratud tähtaeg kirjalike seisukohtade või muude materjalide esitamiseks lõpeb lähipäevil, kirjutage mulle ja küsige, kas saan teie päringu kiirkorras läbi vaadata. Luban sellisele kirjale vastata 24 tunni jooksul. Kui kinnitan, et saan seda teha, ja te esitate kohe vajalikud dokumendid ja teabe, luban anda vastuse hinnapäringule järgmise 48 tunni jooksul.</div>
<div class="mywpcf7cf myshow myhide">Kui teatan teile teenuse hinna, saadan aja säästmiseks ka lepingu ja EIKis esindamiseks täidetud volikirja vormi. Volikiri tuleb välja printida, allkirjastada ja saata paberpostiga minu aadressile Prantsusmaal. Teenuse eest saab pärast EIKile esitatavate dokumentide ettevalmistamist tasuda pangaülekandega minu Šveitsi pangakontole või sõltuvalt makse riigist muul viisil. Makse on siiski parem teha enne dokumentide EIKile saatmist, et õiglase hüvituse nõuetele saaks lisada makset tõendava dokumendi: nii on palju lihtsam põhjendada nõuet hüvitada kulud, mis on kaebaja EIKis esindamiseks juba kantud.</div>
<div class="mywpcf7cf myshow myhide">See teenus ei sobi teile, kui mõni järgmistest väidetest käib kindlalt teie kohta:</div>
<ul class="myshow myhide ec-service-blocker-list"><li><label><input type="checkbox" class="ec-service-blocker" /><span>Minu avaldust ei ole EIK veel vastustavale valitsusele teatavaks teinud või on avaldus teatavaks tehtud ilma kirjalike seisukohtade esitamise nõudeta.</span></label></li>
<li><label><input type="checkbox" class="ec-service-blocker" /><span>Ma ei ole valmis esitama kõiki vajalikke dokumente.</span></label></li>
<li><label><input type="checkbox" class="ec-service-blocker" /><span>Ma ei ole valmis volikirja vormistama ega seda paberpostiga saatma.</span></label></li>
<li><label><input type="checkbox" class="ec-service-blocker" /><span>Ma ei ole valmis töö käigus vastama täpsustavatele küsimustele ja esitama vajaduse korral lisadokumente.</span></label></li></ul>
<div class="mywpcf7cf myshow myhide"><button type="button" class="mybutton blue" id="load_ajax_form" data-ec-service-load="representation" data-blocked-message="Edasi ei saa liikuda, kuni mõni väide on märgitud. Kui märkisite väite kogemata, eemaldage märge.">Esita dokumendid</button></div>
<div class="mywpcf7cf myshow myhide"><a class="mybutton blue not-in-text-button" href="mailto:oleg.anishchik@europeancourt.org?subject=Soovin tingimusi täpsustada">Soovin tingimusi täpsustada</a></div>
<div id="ec-service-load-status" class="ec-service-load-status" aria-live="polite"></div>
</div>
<div id="ajax_content"></div>
</div>
<script>
(function(){
  if (window.ecServiceBlockerGuardReady) return;
  window.ecServiceBlockerGuardReady = true;
  document.addEventListener('click', function(event) {
    var button = event.target && event.target.closest ? event.target.closest('[data-ec-service-load]') : null;
    if (!button) return;
    var root = button.closest('.ec-service-page');
    if (!root || !root.querySelector('.ec-service-blocker:checked')) return;
    event.preventDefault();
    event.stopPropagation();
    if (event.stopImmediatePropagation) event.stopImmediatePropagation();
    var status = root.querySelector('.ec-service-load-status');
    if (status) status.textContent = button.getAttribute('data-blocked-message') || '';
  }, true);
})();
</script>

Seda teenust pakun ainult avalduste puhul, mille EIK on vastustavale valitsusele juba teatavaks teinud ja mille kohta EIK on kaebajale teatanud, et tal tuleb esitada kirjalikud seisukohad. EIKis esindamise hind sõltub sellest, kui palju&#46;&#46;&#46;
