{"id":225345,"date":"2026-04-26T14:47:47","date_gmt":"2026-04-26T12:47:47","guid":{"rendered":"https:\/\/europeancourt.org\/%c3%bej%c3%b3nusta\/mde\/undirb%c3%baningur-k%c3%a6rum%c3%a1la-til-mde\/"},"modified":"2026-04-26T17:09:49","modified_gmt":"2026-04-26T15:09:49","slug":"undirb%c3%baningur-k%c3%a6rum%c3%a1la-til-mde","status":"publish","type":"page","link":"https:\/\/europeancourt.org\/is\/%c3%bej%c3%b3nusta\/mde\/undirb%c3%baningur-k%c3%a6rum%c3%a1la-til-mde\/","title":{"rendered":"Undirb\u00faningur k\u00e6rum\u00e1la til MDE"},"content":{"rendered":"<div id=\"ec-preparation-page\" class=\"ec-service-page ec-service-preparation\" data-service=\"preparation\">\n<div class=\"ec-service-screen ec-service-screen-1\">\n<div class=\"mywpcf7cf myshow myhide\">Kostna\u00f0ur vi\u00f0 a\u00f0 undirb\u00faa k\u00e6ru til Mannr\u00e9ttindad\u00f3mst\u00f3ls Evr\u00f3pu r\u00e6\u00f0st af \u00fev\u00ed hve mikinn t\u00edma verki\u00f0 tekur. Bili\u00f0 getur veri\u00f0 mj\u00f6g breitt: fr\u00e1 nokkrum hundru\u00f0um evra, \u00feegar verki\u00f0 tekur tv\u00e6r til \u00ferj\u00e1r klukkustundir, upp \u00ed 10 \u00fe\u00fasund evrur e\u00f0a meira, \u00feegar \u00fea\u00f0 krefst tuga klukkustunda. \u00deessi t\u00edmi fer \u00ed a\u00f0 fara yfir skj\u00f6lin, draga fram helstu m\u00e1lavexti, finna og greina alla vi\u00f0eigandi gildandi d\u00f3maframkv\u00e6md Mannr\u00e9ttindad\u00f3mst\u00f3lsins um efni m\u00e1lsins og me\u00f0fer\u00f0arh\u00e6fi fyrir hvert hugsanlegt k\u00e6ruefni, m\u00f3ta k\u00e6ruefnin \u00e1 \u00feeim grunni, r\u00f6ksty\u00f0ja hvert meint brot og uppfyllingu skilyr\u00f0a um me\u00f0fer\u00f0arh\u00e6fi fyrir hvert \u00feeirra og setja \u00feetta s\u00ed\u00f0an fram \u00ed k\u00e6ruey\u00f0ubla\u00f0inu \u00e1 stuttan, sk\u00fdran og samr\u00e6mdan h\u00e1tt.<\/div>\n<div class=\"mywpcf7cf myshow myhide\">Hve langan t\u00edma verki\u00f0 tekur \u00ed \u00fe\u00ednu tilviki, og \u00fear me\u00f0 hva\u00f0 undirb\u00faningur k\u00e6runnar kostar, get \u00e9g a\u00f0eins meti\u00f0 \u00fat fr\u00e1 skj\u00f6lunum. Sendu m\u00e9r allar \u00e1kvar\u00f0anir sem \u00fe\u00fa vilt k\u00e6ra, \u00f6nnur skj\u00f6l \u00fear sem \u00fe\u00e6r r\u00e1\u00f0stafanir sem \u00fe\u00fa vilt k\u00e6ra koma fram, \u00f6ll erindi til innlendra stj\u00f3rnvalda, \u00fear \u00e1 me\u00f0al d\u00f3mst\u00f3la, \u00fear sem \u00feessi k\u00e6ruefni voru borin upp efnislega, og allar \u00e1kvar\u00f0anir um sl\u00edk erindi. Ef \u00fe\u00fa ert \u00feegar me\u00f0 \u00f6ll g\u00f6gn m\u00e1lsins \u00e1 rafr\u00e6nu formi er best a\u00f0 senda \u00feau \u00f6ll strax. Ekki hafa \u00e1hyggjur af \u00fev\u00ed a\u00f0 senda of miki\u00f0 e\u00f0a af \u00fev\u00ed a\u00f0 eitthva\u00f0 vanti: ef \u00e9g \u00fearf fleiri skj\u00f6l eftir a\u00f0 hafa fari\u00f0 yfir \u00fea\u00f0 sem \u00fe\u00fa sendir mun \u00e9g bi\u00f0ja \u00feig um \u00feau.<\/div>\n<div class=\"mywpcf7cf myshow myhide\">A\u00f0 jafna\u00f0i svara \u00e9g bei\u00f0ni um kostna\u00f0armat fyrir undirb\u00faning k\u00e6ru innan viku fr\u00e1 \u00fev\u00ed a\u00f0 \u00e9g f\u00e6 \u00f6ll nau\u00f0synleg skj\u00f6l og uppl\u00fdsingar. Ef fresturinn til a\u00f0 leita til Mannr\u00e9ttindad\u00f3mst\u00f3lsins rennur \u00fat \u00e1 n\u00e6stu d\u00f6gum skaltu senda m\u00e9r t\u00f6lvup\u00f3st og spyrja hvort \u00e9g geti teki\u00f0 bei\u00f0nina til br\u00e1\u00f0rar sko\u00f0unar. \u00c9g lofa a\u00f0 svara sl\u00edkum t\u00f6lvup\u00f3sti innan 24 klukkustunda. Ef \u00e9g sta\u00f0festi a\u00f0 \u00e9g geti \u00fea\u00f0 og \u00fe\u00fa sendir strax nau\u00f0synleg skj\u00f6l og uppl\u00fdsingar, lofa \u00e9g a\u00f0 l\u00e1ta \u00feig vita af ni\u00f0urst\u00f6\u00f0u minni um bei\u00f0nina innan n\u00e6stu 48 klukkustunda.<\/div>\n<div class=\"mywpcf7cf myshow myhide\">Ef \u00e9g tel a\u00f0 raunh\u00e6far forsendur s\u00e9u fyrir k\u00e6ru til Mannr\u00e9ttindad\u00f3mst\u00f3lsins l\u00e6t \u00e9g \u00feig vita hver n\u00e1kv\u00e6mur kostna\u00f0ur vi\u00f0 undirb\u00faning k\u00e6runnar ver\u00f0ur, me\u00f0 hli\u00f0sj\u00f3n af \u00feeim k\u00e6ruefnum sem skynsamlegt er a\u00f0 bera fram, og \u00fatsk\u00fdri mj\u00f6g stutt hva\u00f0 ekki er \u00e1st\u00e6\u00f0a til a\u00f0 k\u00e6ra. Um lei\u00f0 sendi \u00e9g \u00fe\u00e9r \u00fej\u00f3nustusamning um undirb\u00faning k\u00e6runnar. Grei\u00f0a m\u00e1 fyrir \u00fej\u00f3nustuna me\u00f0 millif\u00e6rslu \u00e1 bankareikning minn \u00ed Sviss e\u00f0a me\u00f0 \u00f6\u00f0rum grei\u00f0slum\u00e1ta, eftir \u00fev\u00ed fr\u00e1 hva\u00f0a landi grei\u00f0slan er innt af hendi. Undirb\u00faningnum ver\u00f0ur alltaf haga\u00f0 \u00feannig a\u00f0 h\u00e6gt ver\u00f0i a\u00f0 leggja k\u00e6runa fram hj\u00e1 Mannr\u00e9ttindad\u00f3mst\u00f3lnum innan frestsins til a\u00f0 leita til hans. A\u00f0 verkinu loknu f\u00e6r\u00f0u \u00fatfyllt k\u00e6ruey\u00f0ubla\u00f0, fr\u00e1gengin fylgiskj\u00f6l og sk\u00fdringar um hvernig eigi a\u00f0 prenta \u00feetta r\u00e9tt \u00fat, undirrita og senda til Mannr\u00e9ttindad\u00f3mst\u00f3lsins. Fyrirsvar fyrir Mannr\u00e9ttindad\u00f3mst\u00f3lnum og \u00f6nnur vinna vi\u00f0 m\u00e1li\u00f0 eru ekki innifalin \u00ed kostna\u00f0i vi\u00f0 undirb\u00faning k\u00e6runnar. Ef \u00e9g tel a\u00f0 engar raunh\u00e6far forsendur s\u00e9u fyrir k\u00e6ru til Mannr\u00e9ttindad\u00f3mst\u00f3lsins l\u00e6t \u00e9g \u00feig a\u00f0eins vita af \u00fev\u00ed.<\/div>\n<div class=\"mywpcf7cf myshow myhide\">\u00deessi \u00fej\u00f3nusta hentar \u00fe\u00e9r greinilega ekki ef \u00fe\u00fa getur \u00f6rugglega teki\u00f0 undir einhverja af eftirfarandi fullyr\u00f0ingum:<\/div>\n<ul class=\"myshow myhide ec-service-blocker-list\"><li><label><input type=\"checkbox\" class=\"ec-service-blocker\" \/><span>\u00c9g er \u00feegar me\u00f0 \u00fatfyllt k\u00e6ruey\u00f0ubla\u00f0 og \u00fearf a\u00f0eins a\u00f0 l\u00e1ta fara yfir hvort \u00fear s\u00e9u mist\u00f6k.<\/span><\/label><\/li>\n<li><label><input type=\"checkbox\" class=\"ec-service-blocker\" \/><span>\u00c9g get ekki sent \u00f6ll nau\u00f0synleg skj\u00f6l \u00ed m\u00e1linu.<\/span><\/label><\/li>\n<li><label><input type=\"checkbox\" class=\"ec-service-blocker\" \/><span>\u00c9g b\u00fdst vi\u00f0 a\u00f0 f\u00e1 \u00edtarlegar sk\u00fdringar um hvert k\u00e6ruefni, jafnvel \u00fe\u00f3tt ekki s\u00e9u taldar raunh\u00e6far forsendur fyrir k\u00e6ru til Mannr\u00e9ttindad\u00f3mst\u00f3lsins vegna \u00feess.<\/span><\/label><\/li>\n<li><label><input type=\"checkbox\" class=\"ec-service-blocker\" \/><span>\u00c9g reikna me\u00f0 a\u00f0 k\u00e6ran ver\u00f0i undirb\u00fain jafnvel \u00fe\u00f3tt ekki s\u00e9u taldar raunh\u00e6far forsendur fyrir k\u00e6ru til Mannr\u00e9ttindad\u00f3mst\u00f3lsins.<\/span><\/label><\/li>\n<li><label><input type=\"checkbox\" class=\"ec-service-blocker\" \/><span>Mi\u00f0a\u00f0 vi\u00f0 fj\u00f6lda k\u00e6ruefna minna og umfang \u00feeirra skjala sem \u00e9g hef \u00feegar \u00ed m\u00e1linu er m\u00e9r lj\u00f3st a\u00f0 undirb\u00faningur k\u00e6runnar myndi taka mun meiri t\u00edma en \u00e9g vil grei\u00f0a fyrir.<\/span><\/label><\/li>\n<li><label><input type=\"checkbox\" class=\"ec-service-blocker\" \/><span>\u00c9g get fyllt k\u00e6ruey\u00f0ubla\u00f0i\u00f0 \u00fat \u00e1n a\u00f0sto\u00f0ar, \u00ed samr\u00e6mi vi\u00f0 allar kr\u00f6fur Mannr\u00e9ttindad\u00f3mst\u00f3lsins, og sett \u00fear fram alla helstu m\u00e1lavexti, meint brot og uppl\u00fdsingar um uppfyllingu skilyr\u00f0a um me\u00f0fer\u00f0arh\u00e6fi fyrir hvert brot, \u00ed n\u00e1kv\u00e6mu samr\u00e6mi vi\u00f0 g\u00f6gn m\u00e1lsins og \u00fe\u00e1 gildandi d\u00f3maframkv\u00e6md Mannr\u00e9ttindad\u00f3mst\u00f3lsins sem \u00e1 vi\u00f0 um mitt m\u00e1l.<\/span><\/label><\/li><\/ul>\n<div class=\"mywpcf7cf myshow myhide\"><button type=\"button\" class=\"mybutton blue\" id=\"load_ajax_form\" data-ec-service-load=\"preparation\" data-blocked-message=\"Ekki er h\u00e6gt a\u00f0 halda \u00e1fram \u00e1 me\u00f0an haka\u00f0 er vi\u00f0 einhverja af fullyr\u00f0ingunum. Ef \u00fe\u00fa haka\u00f0ir vi\u00f0 atri\u00f0i fyrir mist\u00f6k skaltu taka haki\u00f0 af \u00fev\u00ed.\">Senda skj\u00f6l<\/button><\/div>\n<div class=\"mywpcf7cf myshow myhide\"><a class=\"mybutton blue not-in-text-button\" href=\"mailto:oleg.anishchik@europeancourt.org?subject=\u00c9g vil f\u00e1 n\u00e1nari uppl\u00fdsingar um skilyr\u00f0in\">\u00c9g vil f\u00e1 n\u00e1nari uppl\u00fdsingar um skilyr\u00f0in<\/a><\/div>\n<div id=\"ec-service-load-status\" class=\"ec-service-load-status\" aria-live=\"polite\"><\/div>\n<\/div>\n<div id=\"ajax_content\"><\/div>\n<\/div>\n<script>\n(function(){\n  if (window.ecServiceBlockerGuardReady) return;\n  window.ecServiceBlockerGuardReady = true;\n  document.addEventListener('click', function(event) {\n    var button = event.target && event.target.closest ? event.target.closest('[data-ec-service-load]') : null;\n    if (!button) return;\n    var root = button.closest('.ec-service-page');\n    if (!root || !root.querySelector('.ec-service-blocker:checked')) return;\n    event.preventDefault();\n    event.stopPropagation();\n    if (event.stopImmediatePropagation) event.stopImmediatePropagation();\n    var status = root.querySelector('.ec-service-load-status');\n    if (status) status.textContent = button.getAttribute('data-blocked-message') || '';\n  }, true);\n})();\n<\/script>","protected":false},"excerpt":{"rendered":"Kostna\u00f0ur vi\u00f0 a\u00f0 undirb\u00faa k\u00e6ru til Mannr\u00e9ttindad\u00f3mst\u00f3ls Evr\u00f3pu r\u00e6\u00f0st af \u00fev\u00ed hve mikinn t\u00edma verki\u00f0 tekur. Bili\u00f0 getur veri\u00f0 mj\u00f6g breitt: fr\u00e1 nokkrum hundru\u00f0um evra, \u00feegar verki\u00f0 tekur tv\u00e6r til \u00ferj\u00e1r klukkustundir, upp \u00ed&#46;&#46;&#46;","protected":false},"author":0,"featured_media":0,"parent":222214,"menu_order":0,"comment_status":"closed","ping_status":"closed","template":"","meta":{"footnotes":""},"categories":[],"tags":[],"class_list":["post-225345","page","type-page","status-publish","hentry"],"_links":{"self":[{"href":"https:\/\/europeancourt.org\/is\/wp-json\/wp\/v2\/pages\/225345","targetHints":{"allow":["GET"]}}],"collection":[{"href":"https:\/\/europeancourt.org\/is\/wp-json\/wp\/v2\/pages"}],"about":[{"href":"https:\/\/europeancourt.org\/is\/wp-json\/wp\/v2\/types\/page"}],"replies":[{"embeddable":true,"href":"https:\/\/europeancourt.org\/is\/wp-json\/wp\/v2\/comments?post=225345"}],"version-history":[{"count":1,"href":"https:\/\/europeancourt.org\/is\/wp-json\/wp\/v2\/pages\/225345\/revisions"}],"predecessor-version":[{"id":225603,"href":"https:\/\/europeancourt.org\/is\/wp-json\/wp\/v2\/pages\/225345\/revisions\/225603"}],"up":[{"embeddable":true,"href":"https:\/\/europeancourt.org\/is\/wp-json\/wp\/v2\/pages\/222214"}],"wp:attachment":[{"href":"https:\/\/europeancourt.org\/is\/wp-json\/wp\/v2\/media?parent=225345"}],"wp:term":[{"taxonomy":"category","embeddable":true,"href":"https:\/\/europeancourt.org\/is\/wp-json\/wp\/v2\/categories?post=225345"},{"taxonomy":"post_tag","embeddable":true,"href":"https:\/\/europeancourt.org\/is\/wp-json\/wp\/v2\/tags?post=225345"}],"curies":[{"name":"wp","href":"https:\/\/api.w.org\/{rel}","templated":true}]}}

Undirbúningur kærumála til MDE

<div id="ec-preparation-page" class="ec-service-page ec-service-preparation" data-service="preparation">
<div class="ec-service-screen ec-service-screen-1">
<div class="mywpcf7cf myshow myhide">Kostnaður við að undirbúa kæru til Mannréttindadómstóls Evrópu ræðst af því hve mikinn tíma verkið tekur. Bilið getur verið mjög breitt: frá nokkrum hundruðum evra, þegar verkið tekur tvær til þrjár klukkustundir, upp í 10 þúsund evrur eða meira, þegar það krefst tuga klukkustunda. Þessi tími fer í að fara yfir skjölin, draga fram helstu málavexti, finna og greina alla viðeigandi gildandi dómaframkvæmd Mannréttindadómstólsins um efni málsins og meðferðarhæfi fyrir hvert hugsanlegt kæruefni, móta kæruefnin á þeim grunni, rökstyðja hvert meint brot og uppfyllingu skilyrða um meðferðarhæfi fyrir hvert þeirra og setja þetta síðan fram í kærueyðublaðinu á stuttan, skýran og samræmdan hátt.</div>
<div class="mywpcf7cf myshow myhide">Hve langan tíma verkið tekur í þínu tilviki, og þar með hvað undirbúningur kærunnar kostar, get ég aðeins metið út frá skjölunum. Sendu mér allar ákvarðanir sem þú vilt kæra, önnur skjöl þar sem þær ráðstafanir sem þú vilt kæra koma fram, öll erindi til innlendra stjórnvalda, þar á meðal dómstóla, þar sem þessi kæruefni voru borin upp efnislega, og allar ákvarðanir um slík erindi. Ef þú ert þegar með öll gögn málsins á rafrænu formi er best að senda þau öll strax. Ekki hafa áhyggjur af því að senda of mikið eða af því að eitthvað vanti: ef ég þarf fleiri skjöl eftir að hafa farið yfir það sem þú sendir mun ég biðja þig um þau.</div>
<div class="mywpcf7cf myshow myhide">Að jafnaði svara ég beiðni um kostnaðarmat fyrir undirbúning kæru innan viku frá því að ég fæ öll nauðsynleg skjöl og upplýsingar. Ef fresturinn til að leita til Mannréttindadómstólsins rennur út á næstu dögum skaltu senda mér tölvupóst og spyrja hvort ég geti tekið beiðnina til bráðrar skoðunar. Ég lofa að svara slíkum tölvupósti innan 24 klukkustunda. Ef ég staðfesti að ég geti það og þú sendir strax nauðsynleg skjöl og upplýsingar, lofa ég að láta þig vita af niðurstöðu minni um beiðnina innan næstu 48 klukkustunda.</div>
<div class="mywpcf7cf myshow myhide">Ef ég tel að raunhæfar forsendur séu fyrir kæru til Mannréttindadómstólsins læt ég þig vita hver nákvæmur kostnaður við undirbúning kærunnar verður, með hliðsjón af þeim kæruefnum sem skynsamlegt er að bera fram, og útskýri mjög stutt hvað ekki er ástæða til að kæra. Um leið sendi ég þér þjónustusamning um undirbúning kærunnar. Greiða má fyrir þjónustuna með millifærslu á bankareikning minn í Sviss eða með öðrum greiðslumáta, eftir því frá hvaða landi greiðslan er innt af hendi. Undirbúningnum verður alltaf hagað þannig að hægt verði að leggja kæruna fram hjá Mannréttindadómstólnum innan frestsins til að leita til hans. Að verkinu loknu færðu útfyllt kærueyðublað, frágengin fylgiskjöl og skýringar um hvernig eigi að prenta þetta rétt út, undirrita og senda til Mannréttindadómstólsins. Fyrirsvar fyrir Mannréttindadómstólnum og önnur vinna við málið eru ekki innifalin í kostnaði við undirbúning kærunnar. Ef ég tel að engar raunhæfar forsendur séu fyrir kæru til Mannréttindadómstólsins læt ég þig aðeins vita af því.</div>
<div class="mywpcf7cf myshow myhide">Þessi þjónusta hentar þér greinilega ekki ef þú getur örugglega tekið undir einhverja af eftirfarandi fullyrðingum:</div>
<ul class="myshow myhide ec-service-blocker-list"><li><label><input type="checkbox" class="ec-service-blocker" /><span>Ég er þegar með útfyllt kærueyðublað og þarf aðeins að láta fara yfir hvort þar séu mistök.</span></label></li>
<li><label><input type="checkbox" class="ec-service-blocker" /><span>Ég get ekki sent öll nauðsynleg skjöl í málinu.</span></label></li>
<li><label><input type="checkbox" class="ec-service-blocker" /><span>Ég býst við að fá ítarlegar skýringar um hvert kæruefni, jafnvel þótt ekki séu taldar raunhæfar forsendur fyrir kæru til Mannréttindadómstólsins vegna þess.</span></label></li>
<li><label><input type="checkbox" class="ec-service-blocker" /><span>Ég reikna með að kæran verði undirbúin jafnvel þótt ekki séu taldar raunhæfar forsendur fyrir kæru til Mannréttindadómstólsins.</span></label></li>
<li><label><input type="checkbox" class="ec-service-blocker" /><span>Miðað við fjölda kæruefna minna og umfang þeirra skjala sem ég hef þegar í málinu er mér ljóst að undirbúningur kærunnar myndi taka mun meiri tíma en ég vil greiða fyrir.</span></label></li>
<li><label><input type="checkbox" class="ec-service-blocker" /><span>Ég get fyllt kærueyðublaðið út án aðstoðar, í samræmi við allar kröfur Mannréttindadómstólsins, og sett þar fram alla helstu málavexti, meint brot og upplýsingar um uppfyllingu skilyrða um meðferðarhæfi fyrir hvert brot, í nákvæmu samræmi við gögn málsins og þá gildandi dómaframkvæmd Mannréttindadómstólsins sem á við um mitt mál.</span></label></li></ul>
<div class="mywpcf7cf myshow myhide"><button type="button" class="mybutton blue" id="load_ajax_form" data-ec-service-load="preparation" data-blocked-message="Ekki er hægt að halda áfram á meðan hakað er við einhverja af fullyrðingunum. Ef þú hakaðir við atriði fyrir mistök skaltu taka hakið af því.">Senda skjöl</button></div>
<div class="mywpcf7cf myshow myhide"><a class="mybutton blue not-in-text-button" href="mailto:oleg.anishchik@europeancourt.org?subject=Ég vil fá nánari upplýsingar um skilyrðin">Ég vil fá nánari upplýsingar um skilyrðin</a></div>
<div id="ec-service-load-status" class="ec-service-load-status" aria-live="polite"></div>
</div>
<div id="ajax_content"></div>
</div>
<script>
(function(){
  if (window.ecServiceBlockerGuardReady) return;
  window.ecServiceBlockerGuardReady = true;
  document.addEventListener('click', function(event) {
    var button = event.target && event.target.closest ? event.target.closest('[data-ec-service-load]') : null;
    if (!button) return;
    var root = button.closest('.ec-service-page');
    if (!root || !root.querySelector('.ec-service-blocker:checked')) return;
    event.preventDefault();
    event.stopPropagation();
    if (event.stopImmediatePropagation) event.stopImmediatePropagation();
    var status = root.querySelector('.ec-service-load-status');
    if (status) status.textContent = button.getAttribute('data-blocked-message') || '';
  }, true);
})();
</script>

Kostnaður við að undirbúa kæru til Mannréttindadómstóls Evrópu ræðst af því hve mikinn tíma verkið tekur. Bilið getur verið mjög breitt: frá nokkrum hundruðum evra, þegar verkið tekur tvær til þrjár klukkustundir, upp í&#46;&#46;&#46;
