{"id":225405,"date":"2026-04-26T14:48:47","date_gmt":"2026-04-26T12:48:47","guid":{"rendered":"https:\/\/europeancourt.org\/servizzi\/qedb\/tirrappre%c5%bcenta-lill-applikanti-quddiem-il-qedb\/"},"modified":"2026-04-26T17:22:50","modified_gmt":"2026-04-26T15:22:50","slug":"tirrappre%c5%bcenta-lill-applikanti-quddiem-il-qedb","status":"publish","type":"page","link":"https:\/\/europeancourt.org\/mt\/servizzi\/qedb\/tirrappre%c5%bcenta-lill-applikanti-quddiem-il-qedb\/","title":{"rendered":"Tirrappre\u017centa lill-applikanti quddiem il-QEDB"},"content":{"rendered":"<div id=\"ec-representation-page\" class=\"ec-service-page ec-service-representation\" data-service=\"representation\">\n<div class=\"ec-service-screen ec-service-screen-1\">\n<div class=\"mywpcf7cf myshow myhide\">Dan is-servizz jing\u0127ata biss meta l-ka\u017c ikun di\u0121\u00e0 \u0121ie kkomunikat lill-Gvern konvenut u l-Qorti tkun g\u0127arrfet lill-applikant li g\u0127andu jissottometti kummenti bil-miktub.<\/div>\n<div class=\"mywpcf7cf myshow myhide\">L-ispi\u017ca tar-rappre\u017centanza quddiem il-Qorti tiddependi minn kemm ikun me\u0127tie\u0121 \u0127in biex jit\u0127ejjew it-twe\u0121ibiet g\u0127all-mistoqsijiet tal-Qorti, ir-risposti g\u0127all-argumenti tal-Gvern konvenut u, fejn ikun me\u0127tie\u0121, kjarifiki dwar il-fatti u talbiet g\u0127al soddisfazzjon xierqa. Il-firxa tista\u2019 tkun wiesg\u0127a \u0127afna: minn ftit mijiet ta\u2019 ewro, meta kollox jie\u0127u sag\u0127tejn jew tliet sig\u0127at, sa 10,000 ewro jew aktar, meta jkunu me\u0127tie\u0121a g\u0127exieren ta\u2019 sig\u0127at.<\/div>\n<div class=\"mywpcf7cf myshow myhide\">Kemm ikun me\u0127tie\u0121 \u0127in fil-ka\u017c tieg\u0127ek u, g\u0127alhekk, kemm se tiswa r-rappre\u017centanza, nista\u2019 niddeterminahom biss abba\u017ci tad-dokumenti. Ibg\u0127at l-applikazzjoni bl-annessi kollha tag\u0127ha, kif ukoll dak kollu li ntbag\u0127at addizzjonalment lill-Qorti dwarha u dak kollu li wasal ming\u0127and il-Qorti. Jekk ikolli b\u017conn dokumenti addizzjonali, nitlobhomlok.<\/div>\n<div class=\"mywpcf7cf myshow myhide\">Normalment inwie\u0121eb g\u0127al talba dwar l-ispi\u017ca tar-rappre\u017centanza quddiem il-Qorti fi \u017cmien \u0121img\u0127a minn meta nir\u010bievi d-dokumenti u l-informazzjoni kollha me\u0127tie\u0121a. Jekk it-terminu stabbilit mill-Qorti g\u0127as-sottomissjoni ta\u2019 kummenti bil-miktub jew materjali o\u0127ra jiskadi fil-jiem li \u0121ejjin, iktibli u staqsini jekk nistax nittratta t-talba tieg\u0127ek b\u2019mod ur\u0121enti. Inwieg\u0127ed li nwie\u0121eb g\u0127al email b\u0127al din fi \u017cmien 24 sieg\u0127a. Jekk nikkonferma li nista\u2019 nag\u0127mel dan u inti tibg\u0127at minnufih id-dokumenti u l-informazzjoni me\u0127tie\u0121a, inwieg\u0127ed li ng\u0127arrfek bil-konklu\u017cjoni tieg\u0127i dwar it-talba fi \u017cmien it-48 sieg\u0127a ta\u2019 wara.<\/div>\n<div class=\"mywpcf7cf myshow myhide\">Meta ng\u0127arrfek bl-ispi\u017ca tas-servizz, u biex ma jintilifx \u0127in, nibg\u0127atlek ukoll kuntratt u formola ta\u2019 prokura mimlija g\u0127ar-rappre\u017centanza quddiem il-Qorti. Il-prokura trid tistampaha, tiffirmaha u tibg\u0127atha bil-posta lill-indirizz tieg\u0127i fi Franza. Il-\u0127las jista\u2019 jsir b\u2019trasferiment bankarju fil-kont tieg\u0127i fl-I\u017cvizzera jew b\u2019mezzi o\u0127ra skont il-pajji\u017c minn fejn isir il-\u0127las, wara li jit\u0127ejjew id-dokumenti g\u0127all-Qorti. I\u017cda jkun a\u0127jar li jsir qabel ma dawk id-dokumenti jintbag\u0127tu lill-Qorti, sabiex mat-talbiet g\u0127al soddisfazzjon xierqa jkun jista\u2019 ji\u0121i mehmu\u017c dokument li jikkonferma l-\u0127las. B\u2019hekk ikun \u0127afna aktar fa\u010bli li ti\u0121i \u0121\u0121ustifikata talba g\u0127ar-rimbor\u017c tal-ispejje\u017c di\u0121\u00e0 m\u0121arrba g\u0127ar-rappre\u017centanza tal-applikant quddiem il-Qorti.<\/div>\n<div class=\"mywpcf7cf myshow myhide\">Dan is-servizz \u017cgur mhuwiex g\u0127alik jekk xi wa\u0127da minn dawn id-dikjarazzjonijiet tapplika g\u0127alik:<\/div>\n<ul class=\"myshow myhide ec-service-blocker-list\"><li><label><input type=\"checkbox\" class=\"ec-service-blocker\" \/><span>Il-ka\u017c tieg\u0127i g\u0127adu ma \u0121iex ikkomunikat lill-Gvern konvenut mill-Qorti, jew \u0121ie kkomunikat ming\u0127ajr talba g\u0127as-sottomissjoni ta\u2019 kummenti bil-miktub.<\/span><\/label><\/li>\n<li><label><input type=\"checkbox\" class=\"ec-service-blocker\" \/><span>M\u2019iniex lest nippre\u017centa d-dokumenti kollha me\u0127tie\u0121a.<\/span><\/label><\/li>\n<li><label><input type=\"checkbox\" class=\"ec-service-blocker\" \/><span>M\u2019iniex lest nistampa, niffirma u nibg\u0127at il-prokura bil-posta.<\/span><\/label><\/li>\n<li><label><input type=\"checkbox\" class=\"ec-service-blocker\" \/><span>M\u2019iniex lest, matul ix-xog\u0127ol, inwie\u0121eb mistoqsijiet ta\u2019 kjarifika u nippre\u017centa dokumenti addizzjonali jekk ikunu me\u0127tie\u0121a.<\/span><\/label><\/li><\/ul>\n<div class=\"mywpcf7cf myshow myhide\"><button type=\"button\" class=\"mybutton blue\" id=\"load_ajax_form\" data-ec-service-load=\"representation\" data-blocked-message=\"Sakemm tkun mag\u0127\u017cula xi wa\u0127da minn dawn id-dikjarazzjonijiet, ma tistax tkompli. Jekk g\u0127a\u017ciltha bi \u017cball, ne\u0127\u0127i l-g\u0127a\u017cla.\">Ibg\u0127at id-dokumenti<\/button><\/div>\n<div class=\"mywpcf7cf myshow myhide\"><a class=\"mybutton blue not-in-text-button\" href=\"mailto:oleg.anishchik@europeancourt.org?subject=Nixtieq ni\u010b\u010bara l-kundizzjonijiet\">Nixtieq ni\u010b\u010bara l-kundizzjonijiet<\/a><\/div>\n<div id=\"ec-service-load-status\" class=\"ec-service-load-status\" aria-live=\"polite\"><\/div>\n<\/div>\n<div id=\"ajax_content\"><\/div>\n<\/div>\n<script>\n(function(){\n  if (window.ecServiceBlockerGuardReady) return;\n  window.ecServiceBlockerGuardReady = true;\n  document.addEventListener('click', function(event) {\n    var button = event.target && event.target.closest ? event.target.closest('[data-ec-service-load]') : null;\n    if (!button) return;\n    var root = button.closest('.ec-service-page');\n    if (!root || !root.querySelector('.ec-service-blocker:checked')) return;\n    event.preventDefault();\n    event.stopPropagation();\n    if (event.stopImmediatePropagation) event.stopImmediatePropagation();\n    var status = root.querySelector('.ec-service-load-status');\n    if (status) status.textContent = button.getAttribute('data-blocked-message') || '';\n  }, true);\n})();\n<\/script>","protected":false},"excerpt":{"rendered":"Dan is-servizz jing\u0127ata biss meta l-ka\u017c ikun di\u0121\u00e0 \u0121ie kkomunikat lill-Gvern konvenut u l-Qorti tkun g\u0127arrfet lill-applikant li g\u0127andu jissottometti kummenti bil-miktub. L-ispi\u017ca tar-rappre\u017centanza quddiem il-Qorti tiddependi minn kemm ikun me\u0127tie\u0121 \u0127in biex jit\u0127ejjew&#46;&#46;&#46;","protected":false},"author":0,"featured_media":0,"parent":222216,"menu_order":0,"comment_status":"closed","ping_status":"closed","template":"","meta":{"footnotes":""},"categories":[],"tags":[],"class_list":["post-225405","page","type-page","status-publish","hentry"],"_links":{"self":[{"href":"https:\/\/europeancourt.org\/mt\/wp-json\/wp\/v2\/pages\/225405","targetHints":{"allow":["GET"]}}],"collection":[{"href":"https:\/\/europeancourt.org\/mt\/wp-json\/wp\/v2\/pages"}],"about":[{"href":"https:\/\/europeancourt.org\/mt\/wp-json\/wp\/v2\/types\/page"}],"replies":[{"embeddable":true,"href":"https:\/\/europeancourt.org\/mt\/wp-json\/wp\/v2\/comments?post=225405"}],"version-history":[{"count":1,"href":"https:\/\/europeancourt.org\/mt\/wp-json\/wp\/v2\/pages\/225405\/revisions"}],"predecessor-version":[{"id":225625,"href":"https:\/\/europeancourt.org\/mt\/wp-json\/wp\/v2\/pages\/225405\/revisions\/225625"}],"up":[{"embeddable":true,"href":"https:\/\/europeancourt.org\/mt\/wp-json\/wp\/v2\/pages\/222216"}],"wp:attachment":[{"href":"https:\/\/europeancourt.org\/mt\/wp-json\/wp\/v2\/media?parent=225405"}],"wp:term":[{"taxonomy":"category","embeddable":true,"href":"https:\/\/europeancourt.org\/mt\/wp-json\/wp\/v2\/categories?post=225405"},{"taxonomy":"post_tag","embeddable":true,"href":"https:\/\/europeancourt.org\/mt\/wp-json\/wp\/v2\/tags?post=225405"}],"curies":[{"name":"wp","href":"https:\/\/api.w.org\/{rel}","templated":true}]}}

Tirrappreżenta lill-applikanti quddiem il-QEDB

<div id="ec-representation-page" class="ec-service-page ec-service-representation" data-service="representation">
<div class="ec-service-screen ec-service-screen-1">
<div class="mywpcf7cf myshow myhide">Dan is-servizz jingħata biss meta l-każ ikun diġà ġie kkomunikat lill-Gvern konvenut u l-Qorti tkun għarrfet lill-applikant li għandu jissottometti kummenti bil-miktub.</div>
<div class="mywpcf7cf myshow myhide">L-ispiża tar-rappreżentanza quddiem il-Qorti tiddependi minn kemm ikun meħtieġ ħin biex jitħejjew it-tweġibiet għall-mistoqsijiet tal-Qorti, ir-risposti għall-argumenti tal-Gvern konvenut u, fejn ikun meħtieġ, kjarifiki dwar il-fatti u talbiet għal soddisfazzjon xierqa. Il-firxa tista’ tkun wiesgħa ħafna: minn ftit mijiet ta’ ewro, meta kollox jieħu sagħtejn jew tliet sigħat, sa 10,000 ewro jew aktar, meta jkunu meħtieġa għexieren ta’ sigħat.</div>
<div class="mywpcf7cf myshow myhide">Kemm ikun meħtieġ ħin fil-każ tiegħek u, għalhekk, kemm se tiswa r-rappreżentanza, nista’ niddeterminahom biss abbażi tad-dokumenti. Ibgħat l-applikazzjoni bl-annessi kollha tagħha, kif ukoll dak kollu li ntbagħat addizzjonalment lill-Qorti dwarha u dak kollu li wasal mingħand il-Qorti. Jekk ikolli bżonn dokumenti addizzjonali, nitlobhomlok.</div>
<div class="mywpcf7cf myshow myhide">Normalment inwieġeb għal talba dwar l-ispiża tar-rappreżentanza quddiem il-Qorti fi żmien ġimgħa minn meta nirċievi d-dokumenti u l-informazzjoni kollha meħtieġa. Jekk it-terminu stabbilit mill-Qorti għas-sottomissjoni ta’ kummenti bil-miktub jew materjali oħra jiskadi fil-jiem li ġejjin, iktibli u staqsini jekk nistax nittratta t-talba tiegħek b’mod urġenti. Inwiegħed li nwieġeb għal email bħal din fi żmien 24 siegħa. Jekk nikkonferma li nista’ nagħmel dan u inti tibgħat minnufih id-dokumenti u l-informazzjoni meħtieġa, inwiegħed li ngħarrfek bil-konklużjoni tiegħi dwar it-talba fi żmien it-48 siegħa ta’ wara.</div>
<div class="mywpcf7cf myshow myhide">Meta ngħarrfek bl-ispiża tas-servizz, u biex ma jintilifx ħin, nibgħatlek ukoll kuntratt u formola ta’ prokura mimlija għar-rappreżentanza quddiem il-Qorti. Il-prokura trid tistampaha, tiffirmaha u tibgħatha bil-posta lill-indirizz tiegħi fi Franza. Il-ħlas jista’ jsir b’trasferiment bankarju fil-kont tiegħi fl-Iżvizzera jew b’mezzi oħra skont il-pajjiż minn fejn isir il-ħlas, wara li jitħejjew id-dokumenti għall-Qorti. Iżda jkun aħjar li jsir qabel ma dawk id-dokumenti jintbagħtu lill-Qorti, sabiex mat-talbiet għal soddisfazzjon xierqa jkun jista’ jiġi mehmuż dokument li jikkonferma l-ħlas. B’hekk ikun ħafna aktar faċli li tiġi ġġustifikata talba għar-rimborż tal-ispejjeż diġà mġarrba għar-rappreżentanza tal-applikant quddiem il-Qorti.</div>
<div class="mywpcf7cf myshow myhide">Dan is-servizz żgur mhuwiex għalik jekk xi waħda minn dawn id-dikjarazzjonijiet tapplika għalik:</div>
<ul class="myshow myhide ec-service-blocker-list"><li><label><input type="checkbox" class="ec-service-blocker" /><span>Il-każ tiegħi għadu ma ġiex ikkomunikat lill-Gvern konvenut mill-Qorti, jew ġie kkomunikat mingħajr talba għas-sottomissjoni ta’ kummenti bil-miktub.</span></label></li>
<li><label><input type="checkbox" class="ec-service-blocker" /><span>M’iniex lest nippreżenta d-dokumenti kollha meħtieġa.</span></label></li>
<li><label><input type="checkbox" class="ec-service-blocker" /><span>M’iniex lest nistampa, niffirma u nibgħat il-prokura bil-posta.</span></label></li>
<li><label><input type="checkbox" class="ec-service-blocker" /><span>M’iniex lest, matul ix-xogħol, inwieġeb mistoqsijiet ta’ kjarifika u nippreżenta dokumenti addizzjonali jekk ikunu meħtieġa.</span></label></li></ul>
<div class="mywpcf7cf myshow myhide"><button type="button" class="mybutton blue" id="load_ajax_form" data-ec-service-load="representation" data-blocked-message="Sakemm tkun magħżula xi waħda minn dawn id-dikjarazzjonijiet, ma tistax tkompli. Jekk għażiltha bi żball, neħħi l-għażla.">Ibgħat id-dokumenti</button></div>
<div class="mywpcf7cf myshow myhide"><a class="mybutton blue not-in-text-button" href="mailto:oleg.anishchik@europeancourt.org?subject=Nixtieq niċċara l-kundizzjonijiet">Nixtieq niċċara l-kundizzjonijiet</a></div>
<div id="ec-service-load-status" class="ec-service-load-status" aria-live="polite"></div>
</div>
<div id="ajax_content"></div>
</div>
<script>
(function(){
  if (window.ecServiceBlockerGuardReady) return;
  window.ecServiceBlockerGuardReady = true;
  document.addEventListener('click', function(event) {
    var button = event.target && event.target.closest ? event.target.closest('[data-ec-service-load]') : null;
    if (!button) return;
    var root = button.closest('.ec-service-page');
    if (!root || !root.querySelector('.ec-service-blocker:checked')) return;
    event.preventDefault();
    event.stopPropagation();
    if (event.stopImmediatePropagation) event.stopImmediatePropagation();
    var status = root.querySelector('.ec-service-load-status');
    if (status) status.textContent = button.getAttribute('data-blocked-message') || '';
  }, true);
})();
</script>

Dan is-servizz jingħata biss meta l-każ ikun diġà ġie kkomunikat lill-Gvern konvenut u l-Qorti tkun għarrfet lill-applikant li għandu jissottometti kummenti bil-miktub. L-ispiża tar-rappreżentanza quddiem il-Qorti tiddependi minn kemm ikun meħtieġ ħin biex jitħejjew&#46;&#46;&#46;
