{"id":225407,"date":"2026-04-26T14:48:59","date_gmt":"2026-04-26T12:48:59","guid":{"rendered":"https:\/\/europeancourt.org\/pariri-legali-u-kuntatti\/"},"modified":"2026-04-26T17:23:36","modified_gmt":"2026-04-26T15:23:36","slug":"pariri-legali-u-kuntatti","status":"publish","type":"page","link":"https:\/\/europeancourt.org\/mt\/pariri-legali-u-kuntatti\/","title":{"rendered":"Pariri legali u kuntatti"},"content":{"rendered":"<div class=\"mywpcf7cf myshow myhide\">G\u0127andi b\u017conn:<\/div>\n\n<div class=\"myshow myhide\"><span class=\"wpcf7-radio\"><span class=\"wpcf7-list-item\"><label><span class=\"wpcf7-list-item-label\">t\u0127ejjija ta\u2019 applikazzjoni lill-Qorti Ewropea tad-Drittijiet tal-Bniedem<\/span><\/label><\/span><\/span><\/div>\n\n<div class=\"myshow myhide\"><span class=\"wpcf7-radio\"><span class=\"wpcf7-list-item\"><label><span class=\"wpcf7-list-item-label\">verifika tal-formola tal-applikazzjoni g\u0127al \u017cbalji qabel tintbag\u0127at lill-Qorti<\/span><\/label><\/span><\/span><\/div>\n\n<div class=\"myshow myhide\"><span class=\"wpcf7-radio\"><span class=\"wpcf7-list-item\"><label><span class=\"wpcf7-list-item-label\">rappre\u017centanza tal-applikant quddiem il-Qorti wara li l-ka\u017c ji\u0121i kkomunikat lill-Gvern konvenut<\/span><\/label><\/span><\/span><\/div>\n\n<div class=\"myshow myhide\"><span class=\"wpcf7-radio\"><span class=\"wpcf7-list-item\"><label><span class=\"wpcf7-list-item-label\">insir naf x\u2019sar mill-applikazzjoni lill-Qorti<\/span><\/label><\/span><\/span><\/div>\n\n<div class=\"myshow myhide\"><span class=\"wpcf7-radio\"><span class=\"wpcf7-list-item\"><label><span class=\"wpcf7-list-item-label\">inni\u017c\u017cel il-formola tal-applikazzjoni lill-Qorti Ewropea tad-Drittijiet tal-Bniedem<\/span><\/label><\/span><\/span><\/div>\n\n<div class=\"myshow myhide\"><span class=\"wpcf7-radio\"><span class=\"wpcf7-list-item\"><label><span class=\"wpcf7-list-item-label\">nitlob konsultazzjoni<\/span><\/label><\/span><\/span><\/div>\n\n<div class=\"myshow myhide\"><span class=\"wpcf7-radio\"><span class=\"wpcf7-list-item\"><label><span class=\"wpcf7-list-item-label\">nara d-dettalji ta\u2019 kuntatt<\/span><\/label><\/span><\/span><\/div>\n<div id=\"ajax_content\"><\/div>","protected":false},"excerpt":{"rendered":"G\u0127andi b\u017conn: t\u0127ejjija ta\u2019 applikazzjoni lill-Qorti Ewropea tad-Drittijiet tal-Bniedem verifika tal-formola tal-applikazzjoni g\u0127al \u017cbalji qabel tintbag\u0127at lill-Qorti rappre\u017centanza tal-applikant quddiem il-Qorti wara li l-ka\u017c ji\u0121i kkomunikat lill-Gvern konvenut insir naf x\u2019sar mill-applikazzjoni lill-Qorti inni\u017c\u017cel&#46;&#46;&#46;","protected":false},"author":0,"featured_media":0,"parent":0,"menu_order":0,"comment_status":"closed","ping_status":"closed","template":"","meta":{"footnotes":""},"categories":[],"tags":[],"class_list":["post-225407","page","type-page","status-publish","hentry"],"_links":{"self":[{"href":"https:\/\/europeancourt.org\/mt\/wp-json\/wp\/v2\/pages\/225407","targetHints":{"allow":["GET"]}}],"collection":[{"href":"https:\/\/europeancourt.org\/mt\/wp-json\/wp\/v2\/pages"}],"about":[{"href":"https:\/\/europeancourt.org\/mt\/wp-json\/wp\/v2\/types\/page"}],"replies":[{"embeddable":true,"href":"https:\/\/europeancourt.org\/mt\/wp-json\/wp\/v2\/comments?post=225407"}],"version-history":[{"count":1,"href":"https:\/\/europeancourt.org\/mt\/wp-json\/wp\/v2\/pages\/225407\/revisions"}],"predecessor-version":[{"id":225626,"href":"https:\/\/europeancourt.org\/mt\/wp-json\/wp\/v2\/pages\/225407\/revisions\/225626"}],"wp:attachment":[{"href":"https:\/\/europeancourt.org\/mt\/wp-json\/wp\/v2\/media?parent=225407"}],"wp:term":[{"taxonomy":"category","embeddable":true,"href":"https:\/\/europeancourt.org\/mt\/wp-json\/wp\/v2\/categories?post=225407"},{"taxonomy":"post_tag","embeddable":true,"href":"https:\/\/europeancourt.org\/mt\/wp-json\/wp\/v2\/tags?post=225407"}],"curies":[{"name":"wp","href":"https:\/\/api.w.org\/{rel}","templated":true}]}}

<div class="mywpcf7cf myshow myhide">Għandi bżonn:</div>

<div class="myshow myhide"><span class="wpcf7-radio"><span class="wpcf7-list-item"><label><span class="wpcf7-list-item-label">tħejjija ta’ applikazzjoni lill-Qorti Ewropea tad-Drittijiet tal-Bniedem</span></label></span></span></div>

<div class="myshow myhide"><span class="wpcf7-radio"><span class="wpcf7-list-item"><label><span class="wpcf7-list-item-label">verifika tal-formola tal-applikazzjoni għal żbalji qabel tintbagħat lill-Qorti</span></label></span></span></div>

<div class="myshow myhide"><span class="wpcf7-radio"><span class="wpcf7-list-item"><label><span class="wpcf7-list-item-label">rappreżentanza tal-applikant quddiem il-Qorti wara li l-każ jiġi kkomunikat lill-Gvern konvenut</span></label></span></span></div>

<div class="myshow myhide"><span class="wpcf7-radio"><span class="wpcf7-list-item"><label><span class="wpcf7-list-item-label">insir naf x’sar mill-applikazzjoni lill-Qorti</span></label></span></span></div>

<div class="myshow myhide"><span class="wpcf7-radio"><span class="wpcf7-list-item"><label><span class="wpcf7-list-item-label">inniżżel il-formola tal-applikazzjoni lill-Qorti Ewropea tad-Drittijiet tal-Bniedem</span></label></span></span></div>

<div class="myshow myhide"><span class="wpcf7-radio"><span class="wpcf7-list-item"><label><span class="wpcf7-list-item-label">nitlob konsultazzjoni</span></label></span></span></div>

<div class="myshow myhide"><span class="wpcf7-radio"><span class="wpcf7-list-item"><label><span class="wpcf7-list-item-label">nara d-dettalji ta’ kuntatt</span></label></span></span></div>
<div id="ajax_content"></div>

Għandi bżonn: tħejjija ta’ applikazzjoni lill-Qorti Ewropea tad-Drittijiet tal-Bniedem verifika tal-formola tal-applikazzjoni għal żbalji qabel tintbagħat lill-Qorti rappreżentanza tal-applikant quddiem il-Qorti wara li l-każ jiġi kkomunikat lill-Gvern konvenut insir naf x’sar mill-applikazzjoni lill-Qorti inniżżel&#46;&#46;&#46;
