{"id":225421,"date":"2026-04-26T14:48:47","date_gmt":"2026-04-26T12:48:47","guid":{"rendered":"https:\/\/europeancourt.org\/tjenester\/emd\/representere-for-klagerne-for-emd\/"},"modified":"2026-04-26T17:25:44","modified_gmt":"2026-04-26T15:25:44","slug":"representere-for-klagerne-for-emd","status":"publish","type":"page","link":"https:\/\/europeancourt.org\/no\/tjenester\/emd\/representere-for-klagerne-for-emd\/","title":{"rendered":"Representere for klagerne for EMD"},"content":{"rendered":"<div id=\"ec-representation-page\" class=\"ec-service-page ec-service-representation\" data-service=\"representation\">\n<div class=\"ec-service-screen ec-service-screen-1\">\n<div class=\"mywpcf7cf myshow myhide\">Denne tjenesten tilbys bare i saker der klagen allerede er oversendt regjeringen til uttalelse, og EMD har informert klageren om at det m\u00e5 inngis skriftlige innlegg.<\/div>\n<div class=\"mywpcf7cf myshow myhide\">Prisen for representasjon overfor EMD avhenger av hvor mye tid som trengs til \u00e5 forberede svar p\u00e5 EMDs sp\u00f8rsm\u00e5l, im\u00f8teg\u00e5 den innklagede statens anf\u00f8rsler og, om n\u00f8dvendig, presisere faktiske forhold og fremsette krav om rimelig erstatning. Spennet er sv\u00e6rt stort: fra noen hundre euro n\u00e5r alt kan gj\u00f8res p\u00e5 to\u2013tre timer, til 10 000 euro eller mer n\u00e5r arbeidet tar flere titalls timer.<\/div>\n<div class=\"mywpcf7cf myshow myhide\">Hvor mye tid som trengs i din sak, og dermed hva representasjonen vil koste, kan jeg bare avgj\u00f8re p\u00e5 grunnlag av dokumentene. Send inn klagen med alle vedlegg, alt som i tillegg er sendt til EMD i saken, og alt som er mottatt fra EMD. Hvis jeg trenger flere dokumenter, ber jeg deg om dem.<\/div>\n<div class=\"mywpcf7cf myshow myhide\">Vanligvis svarer jeg p\u00e5 en prisforesp\u00f8rsel om representasjon overfor EMD innen \u00e9n uke etter at jeg har mottatt alle n\u00f8dvendige dokumenter og opplysninger. Hvis EMDs frist for \u00e5 inngi skriftlige innlegg eller annet materiale l\u00f8per ut i l\u00f8pet av de n\u00e6rmeste dagene, m\u00e5 du skrive til meg og sp\u00f8rre om jeg kan behandle foresp\u00f8rselen din som hastesak. En slik e-post lover jeg \u00e5 svare p\u00e5 innen 24 timer. Hvis jeg bekrefter at jeg kan gj\u00f8re det, og du straks sender inn n\u00f8dvendige dokumenter og opplysninger, lover jeg \u00e5 gi deg konklusjonen min om prisforesp\u00f8rselen innen de neste 48 timene.<\/div>\n<div class=\"mywpcf7cf myshow myhide\">N\u00e5r jeg oppgir prisen for tjenesten, sender jeg deg samtidig, for \u00e5 spare tid, en avtale og et utfylt fullmaktsskjema for representasjon overfor EMD. Fullmakten m\u00e5 skrives ut, underskrives og sendes med vanlig post til adressen min i Frankrike. Betaling kan skje ved bankoverf\u00f8ring til kontoen min i Sveits eller p\u00e5 andre m\u00e5ter, avhengig av betalingslandet, etter at dokumentene til EMD er utarbeidet. Det er likevel best \u00e5 betale f\u00f8r dokumentene sendes til EMD, slik at et betalingsbevis kan legges ved kravene om rimelig erstatning. Da blir det langt enklere \u00e5 begrunne kravet om dekning av allerede p\u00e5l\u00f8pte utgifter til representasjon av klageren overfor Domstolen.<\/div>\n<div class=\"mywpcf7cf myshow myhide\">Denne tjenesten er ikke for deg hvis du trygt kan stille deg bak ett av disse utsagnene:<\/div>\n<ul class=\"myshow myhide ec-service-blocker-list\"><li><label><input type=\"checkbox\" class=\"ec-service-blocker\" \/><span>Klagen min er enn\u00e5 ikke oversendt regjeringen til uttalelse, eller EMD har ikke bedt om skriftlige innlegg.<\/span><\/label><\/li>\n<li><label><input type=\"checkbox\" class=\"ec-service-blocker\" \/><span>Jeg er ikke villig til \u00e5 sende inn alle n\u00f8dvendige dokumenter.<\/span><\/label><\/li>\n<li><label><input type=\"checkbox\" class=\"ec-service-blocker\" \/><span>Jeg er ikke villig til \u00e5 ordne med fullmakt og sende den med vanlig post.<\/span><\/label><\/li>\n<li><label><input type=\"checkbox\" class=\"ec-service-blocker\" \/><span>Jeg er ikke villig til underveis i arbeidet \u00e5 svare p\u00e5 oppf\u00f8lgingssp\u00f8rsm\u00e5l og sende inn flere dokumenter hvis det blir n\u00f8dvendig.<\/span><\/label><\/li><\/ul>\n<div class=\"mywpcf7cf myshow myhide\"><button type=\"button\" class=\"mybutton blue\" id=\"load_ajax_form\" data-ec-service-load=\"representation\" data-blocked-message=\"Du kan ikke g\u00e5 videre s\u00e5 lenge ett av utsagnene er krysset av. Fjern krysset hvis du satte det ved en feil.\">Send inn dokumenter<\/button><\/div>\n<div class=\"mywpcf7cf myshow myhide\"><a class=\"mybutton blue not-in-text-button\" href=\"mailto:oleg.anishchik@europeancourt.org?subject=Jeg vil gjerne avklare vilk\u00e5rene\">Jeg vil gjerne avklare vilk\u00e5rene<\/a><\/div>\n<div id=\"ec-service-load-status\" class=\"ec-service-load-status\" aria-live=\"polite\"><\/div>\n<\/div>\n<div id=\"ajax_content\"><\/div>\n<\/div>\n<script>\n(function(){\n  if (window.ecServiceBlockerGuardReady) return;\n  window.ecServiceBlockerGuardReady = true;\n  document.addEventListener('click', function(event) {\n    var button = event.target && event.target.closest ? event.target.closest('[data-ec-service-load]') : null;\n    if (!button) return;\n    var root = button.closest('.ec-service-page');\n    if (!root || !root.querySelector('.ec-service-blocker:checked')) return;\n    event.preventDefault();\n    event.stopPropagation();\n    if (event.stopImmediatePropagation) event.stopImmediatePropagation();\n    var status = root.querySelector('.ec-service-load-status');\n    if (status) status.textContent = button.getAttribute('data-blocked-message') || '';\n  }, true);\n})();\n<\/script>","protected":false},"excerpt":{"rendered":"Denne tjenesten tilbys bare i saker der klagen allerede er oversendt regjeringen til uttalelse, og EMD har informert klageren om at det m\u00e5 inngis skriftlige innlegg. Prisen for representasjon overfor EMD avhenger av hvor&#46;&#46;&#46;","protected":false},"author":0,"featured_media":0,"parent":222218,"menu_order":0,"comment_status":"closed","ping_status":"closed","template":"","meta":{"footnotes":""},"categories":[],"tags":[],"class_list":["post-225421","page","type-page","status-publish","hentry"],"_links":{"self":[{"href":"https:\/\/europeancourt.org\/no\/wp-json\/wp\/v2\/pages\/225421","targetHints":{"allow":["GET"]}}],"collection":[{"href":"https:\/\/europeancourt.org\/no\/wp-json\/wp\/v2\/pages"}],"about":[{"href":"https:\/\/europeancourt.org\/no\/wp-json\/wp\/v2\/types\/page"}],"replies":[{"embeddable":true,"href":"https:\/\/europeancourt.org\/no\/wp-json\/wp\/v2\/comments?post=225421"}],"version-history":[{"count":1,"href":"https:\/\/europeancourt.org\/no\/wp-json\/wp\/v2\/pages\/225421\/revisions"}],"predecessor-version":[{"id":225631,"href":"https:\/\/europeancourt.org\/no\/wp-json\/wp\/v2\/pages\/225421\/revisions\/225631"}],"up":[{"embeddable":true,"href":"https:\/\/europeancourt.org\/no\/wp-json\/wp\/v2\/pages\/222218"}],"wp:attachment":[{"href":"https:\/\/europeancourt.org\/no\/wp-json\/wp\/v2\/media?parent=225421"}],"wp:term":[{"taxonomy":"category","embeddable":true,"href":"https:\/\/europeancourt.org\/no\/wp-json\/wp\/v2\/categories?post=225421"},{"taxonomy":"post_tag","embeddable":true,"href":"https:\/\/europeancourt.org\/no\/wp-json\/wp\/v2\/tags?post=225421"}],"curies":[{"name":"wp","href":"https:\/\/api.w.org\/{rel}","templated":true}]}}

<div id="ec-representation-page" class="ec-service-page ec-service-representation" data-service="representation">
<div class="ec-service-screen ec-service-screen-1">
<div class="mywpcf7cf myshow myhide">Denne tjenesten tilbys bare i saker der klagen allerede er oversendt regjeringen til uttalelse, og EMD har informert klageren om at det må inngis skriftlige innlegg.</div>
<div class="mywpcf7cf myshow myhide">Prisen for representasjon overfor EMD avhenger av hvor mye tid som trengs til å forberede svar på EMDs spørsmål, imøtegå den innklagede statens anførsler og, om nødvendig, presisere faktiske forhold og fremsette krav om rimelig erstatning. Spennet er svært stort: fra noen hundre euro når alt kan gjøres på to–tre timer, til 10 000 euro eller mer når arbeidet tar flere titalls timer.</div>
<div class="mywpcf7cf myshow myhide">Hvor mye tid som trengs i din sak, og dermed hva representasjonen vil koste, kan jeg bare avgjøre på grunnlag av dokumentene. Send inn klagen med alle vedlegg, alt som i tillegg er sendt til EMD i saken, og alt som er mottatt fra EMD. Hvis jeg trenger flere dokumenter, ber jeg deg om dem.</div>
<div class="mywpcf7cf myshow myhide">Vanligvis svarer jeg på en prisforespørsel om representasjon overfor EMD innen én uke etter at jeg har mottatt alle nødvendige dokumenter og opplysninger. Hvis EMDs frist for å inngi skriftlige innlegg eller annet materiale løper ut i løpet av de nærmeste dagene, må du skrive til meg og spørre om jeg kan behandle forespørselen din som hastesak. En slik e-post lover jeg å svare på innen 24 timer. Hvis jeg bekrefter at jeg kan gjøre det, og du straks sender inn nødvendige dokumenter og opplysninger, lover jeg å gi deg konklusjonen min om prisforespørselen innen de neste 48 timene.</div>
<div class="mywpcf7cf myshow myhide">Når jeg oppgir prisen for tjenesten, sender jeg deg samtidig, for å spare tid, en avtale og et utfylt fullmaktsskjema for representasjon overfor EMD. Fullmakten må skrives ut, underskrives og sendes med vanlig post til adressen min i Frankrike. Betaling kan skje ved bankoverføring til kontoen min i Sveits eller på andre måter, avhengig av betalingslandet, etter at dokumentene til EMD er utarbeidet. Det er likevel best å betale før dokumentene sendes til EMD, slik at et betalingsbevis kan legges ved kravene om rimelig erstatning. Da blir det langt enklere å begrunne kravet om dekning av allerede påløpte utgifter til representasjon av klageren overfor Domstolen.</div>
<div class="mywpcf7cf myshow myhide">Denne tjenesten er ikke for deg hvis du trygt kan stille deg bak ett av disse utsagnene:</div>
<ul class="myshow myhide ec-service-blocker-list"><li><label><input type="checkbox" class="ec-service-blocker" /><span>Klagen min er ennå ikke oversendt regjeringen til uttalelse, eller EMD har ikke bedt om skriftlige innlegg.</span></label></li>
<li><label><input type="checkbox" class="ec-service-blocker" /><span>Jeg er ikke villig til å sende inn alle nødvendige dokumenter.</span></label></li>
<li><label><input type="checkbox" class="ec-service-blocker" /><span>Jeg er ikke villig til å ordne med fullmakt og sende den med vanlig post.</span></label></li>
<li><label><input type="checkbox" class="ec-service-blocker" /><span>Jeg er ikke villig til underveis i arbeidet å svare på oppfølgingsspørsmål og sende inn flere dokumenter hvis det blir nødvendig.</span></label></li></ul>
<div class="mywpcf7cf myshow myhide"><button type="button" class="mybutton blue" id="load_ajax_form" data-ec-service-load="representation" data-blocked-message="Du kan ikke gå videre så lenge ett av utsagnene er krysset av. Fjern krysset hvis du satte det ved en feil.">Send inn dokumenter</button></div>
<div class="mywpcf7cf myshow myhide"><a class="mybutton blue not-in-text-button" href="mailto:oleg.anishchik@europeancourt.org?subject=Jeg vil gjerne avklare vilkårene">Jeg vil gjerne avklare vilkårene</a></div>
<div id="ec-service-load-status" class="ec-service-load-status" aria-live="polite"></div>
</div>
<div id="ajax_content"></div>
</div>
<script>
(function(){
  if (window.ecServiceBlockerGuardReady) return;
  window.ecServiceBlockerGuardReady = true;
  document.addEventListener('click', function(event) {
    var button = event.target && event.target.closest ? event.target.closest('[data-ec-service-load]') : null;
    if (!button) return;
    var root = button.closest('.ec-service-page');
    if (!root || !root.querySelector('.ec-service-blocker:checked')) return;
    event.preventDefault();
    event.stopPropagation();
    if (event.stopImmediatePropagation) event.stopImmediatePropagation();
    var status = root.querySelector('.ec-service-load-status');
    if (status) status.textContent = button.getAttribute('data-blocked-message') || '';
  }, true);
})();
</script>

Denne tjenesten tilbys bare i saker der klagen allerede er oversendt regjeringen til uttalelse, og EMD har informert klageren om at det må inngis skriftlige innlegg. Prisen for representasjon overfor EMD avhenger av hvor&#46;&#46;&#46;
