{"id":225437,"date":"2026-04-26T14:48:47","date_gmt":"2026-04-26T12:48:47","guid":{"rendered":"https:\/\/europeancourt.org\/servi%c3%a7os\/tedh\/representa%c3%a7%c3%a3o-de-requerentes-perante-o-tedh\/"},"modified":"2026-04-26T17:26:45","modified_gmt":"2026-04-26T15:26:45","slug":"representa%c3%a7%c3%a3o-de-requerentes-perante-o-tedh","status":"publish","type":"page","link":"https:\/\/europeancourt.org\/pt\/servi%c3%a7os\/tedh\/representa%c3%a7%c3%a3o-de-requerentes-perante-o-tedh\/","title":{"rendered":"Representa\u00e7\u00e3o de requerentes perante o TEDH"},"content":{"rendered":"<div id=\"ec-representation-page\" class=\"ec-service-page ec-service-representation\" data-service=\"representation\">\n<div class=\"ec-service-screen ec-service-screen-1\">\n<div class=\"mywpcf7cf myshow myhide\">Este servi\u00e7o s\u00f3 \u00e9 prestado em rela\u00e7\u00e3o a queixas que o Tribunal Europeu j\u00e1 tenha comunicado ao Governo respondente e no \u00e2mbito das quais tenha informado o requerente de que deve apresentar observa\u00e7\u00f5es escritas.<\/div>\n<div class=\"mywpcf7cf myshow myhide\">O custo da representa\u00e7\u00e3o perante o Tribunal Europeu depende do tempo necess\u00e1rio para preparar respostas \u00e0s perguntas do Tribunal Europeu, responder aos argumentos do Governo respondente e, se necess\u00e1rio, preparar esclarecimentos sobre os factos e pedidos de repara\u00e7\u00e3o razo\u00e1vel. A varia\u00e7\u00e3o pode ser muito grande: de algumas centenas de euros, quando bastam duas ou tr\u00eas horas, at\u00e9 10 mil euros ou mais, quando s\u00e3o necess\u00e1rias dezenas de horas.<\/div>\n<div class=\"mywpcf7cf myshow myhide\">S\u00f3 a partir dos documentos consigo determinar quanto tempo ser\u00e1 necess\u00e1rio no seu caso e, por conseguinte, quanto custar\u00e1 a representa\u00e7\u00e3o. Envie a queixa com todos os anexos, bem como tudo o que tenha sido enviado adicionalmente ao Tribunal Europeu no \u00e2mbito desse processo e tudo o que tenha recebido do Tribunal Europeu. Se eu precisar de documentos adicionais, pedi-los-ei.<\/div>\n<div class=\"mywpcf7cf myshow myhide\">Normalmente respondo a pedidos de informa\u00e7\u00e3o sobre o custo da representa\u00e7\u00e3o perante o Tribunal Europeu no prazo de uma semana ap\u00f3s receber todos os documentos e informa\u00e7\u00f5es necess\u00e1rios. Se o prazo fixado pelo Tribunal Europeu para a apresenta\u00e7\u00e3o de observa\u00e7\u00f5es escritas ou de outros elementos expirar nos pr\u00f3ximos dias, escreva-me e pergunte se posso analisar o seu pedido com urg\u00eancia. Comprometo-me a responder a essa mensagem no prazo de 24 horas. Se eu confirmar que posso faz\u00ea-lo e se me enviar de imediato os documentos e informa\u00e7\u00f5es necess\u00e1rios, comunicar-lhe-ei a minha conclus\u00e3o sobre o custo nas 48 horas seguintes.<\/div>\n<div class=\"mywpcf7cf myshow myhide\">Quando lhe comunicar o custo do servi\u00e7o, para n\u00e3o perder tempo, enviar-lhe-ei tamb\u00e9m o contrato e o formul\u00e1rio de procura\u00e7\u00e3o preenchido para a representa\u00e7\u00e3o perante o Tribunal Europeu. A procura\u00e7\u00e3o ter\u00e1 de ser impressa, assinada e enviada por correio postal para o meu endere\u00e7o em Fran\u00e7a. O servi\u00e7o pode ser pago por transfer\u00eancia banc\u00e1ria para a minha conta na Su\u00ed\u00e7a ou por outros meios, consoante o pa\u00eds de onde for efetuado o pagamento, depois da prepara\u00e7\u00e3o dos documentos para o Tribunal Europeu. No entanto, \u00e9 prefer\u00edvel pagar antes de esses documentos serem enviados ao Tribunal Europeu, para que seja poss\u00edvel juntar aos pedidos de repara\u00e7\u00e3o razo\u00e1vel um documento comprovativo do pagamento: nesse caso, \u00e9 muito mais simples fundamentar o pedido de reembolso das despesas j\u00e1 suportadas com a representa\u00e7\u00e3o do requerente perante o Tribunal.<\/div>\n<div class=\"mywpcf7cf myshow myhide\">Este servi\u00e7o n\u00e3o \u00e9 adequado para si se puder confirmar com seguran\u00e7a qualquer uma das afirma\u00e7\u00f5es seguintes:<\/div>\n<ul class=\"myshow myhide ec-service-blocker-list\"><li><label><input type=\"checkbox\" class=\"ec-service-blocker\" \/><span>A minha queixa ainda n\u00e3o foi comunicada pelo Tribunal Europeu ao Governo respondente ou foi comunicada sem pedido de apresenta\u00e7\u00e3o de observa\u00e7\u00f5es escritas.<\/span><\/label><\/li>\n<li><label><input type=\"checkbox\" class=\"ec-service-blocker\" \/><span>N\u00e3o estou disposto a apresentar todos os documentos necess\u00e1rios.<\/span><\/label><\/li>\n<li><label><input type=\"checkbox\" class=\"ec-service-blocker\" \/><span>N\u00e3o estou disposto a tratar da procura\u00e7\u00e3o e a envi\u00e1-la por correio postal.<\/span><\/label><\/li>\n<li><label><input type=\"checkbox\" class=\"ec-service-blocker\" \/><span>N\u00e3o estou disposto a responder, ao longo do trabalho, a perguntas de esclarecimento e a apresentar documentos adicionais se forem necess\u00e1rios.<\/span><\/label><\/li><\/ul>\n<div class=\"mywpcf7cf myshow myhide\"><button type=\"button\" class=\"mybutton blue\" id=\"load_ajax_form\" data-ec-service-load=\"representation\" data-blocked-message=\"Enquanto alguma das afirma\u00e7\u00f5es estiver assinalada, n\u00e3o ser\u00e1 poss\u00edvel avan\u00e7ar. Se a tiver assinalado por engano, desmarque-a.\">Enviar documentos<\/button><\/div>\n<div class=\"mywpcf7cf myshow myhide\"><a class=\"mybutton blue not-in-text-button\" href=\"mailto:oleg.anishchik@europeancourt.org?subject=Gostaria de esclarecer as condi\u00e7\u00f5es\">Gostaria de esclarecer as condi\u00e7\u00f5es<\/a><\/div>\n<div id=\"ec-service-load-status\" class=\"ec-service-load-status\" aria-live=\"polite\"><\/div>\n<\/div>\n<div id=\"ajax_content\"><\/div>\n<\/div>\n<script>\n(function(){\n  if (window.ecServiceBlockerGuardReady) return;\n  window.ecServiceBlockerGuardReady = true;\n  document.addEventListener('click', function(event) {\n    var button = event.target && event.target.closest ? event.target.closest('[data-ec-service-load]') : null;\n    if (!button) return;\n    var root = button.closest('.ec-service-page');\n    if (!root || !root.querySelector('.ec-service-blocker:checked')) return;\n    event.preventDefault();\n    event.stopPropagation();\n    if (event.stopImmediatePropagation) event.stopImmediatePropagation();\n    var status = root.querySelector('.ec-service-load-status');\n    if (status) status.textContent = button.getAttribute('data-blocked-message') || '';\n  }, true);\n})();\n<\/script>","protected":false},"excerpt":{"rendered":"Este servi\u00e7o s\u00f3 \u00e9 prestado em rela\u00e7\u00e3o a queixas que o Tribunal Europeu j\u00e1 tenha comunicado ao Governo respondente e no \u00e2mbito das quais tenha informado o requerente de que deve apresentar observa\u00e7\u00f5es escritas.&#46;&#46;&#46;","protected":false},"author":0,"featured_media":0,"parent":222220,"menu_order":0,"comment_status":"closed","ping_status":"closed","template":"","meta":{"footnotes":""},"categories":[],"tags":[],"class_list":["post-225437","page","type-page","status-publish","hentry"],"_links":{"self":[{"href":"https:\/\/europeancourt.org\/pt\/wp-json\/wp\/v2\/pages\/225437","targetHints":{"allow":["GET"]}}],"collection":[{"href":"https:\/\/europeancourt.org\/pt\/wp-json\/wp\/v2\/pages"}],"about":[{"href":"https:\/\/europeancourt.org\/pt\/wp-json\/wp\/v2\/types\/page"}],"replies":[{"embeddable":true,"href":"https:\/\/europeancourt.org\/pt\/wp-json\/wp\/v2\/comments?post=225437"}],"version-history":[{"count":1,"href":"https:\/\/europeancourt.org\/pt\/wp-json\/wp\/v2\/pages\/225437\/revisions"}],"predecessor-version":[{"id":225637,"href":"https:\/\/europeancourt.org\/pt\/wp-json\/wp\/v2\/pages\/225437\/revisions\/225637"}],"up":[{"embeddable":true,"href":"https:\/\/europeancourt.org\/pt\/wp-json\/wp\/v2\/pages\/222220"}],"wp:attachment":[{"href":"https:\/\/europeancourt.org\/pt\/wp-json\/wp\/v2\/media?parent=225437"}],"wp:term":[{"taxonomy":"category","embeddable":true,"href":"https:\/\/europeancourt.org\/pt\/wp-json\/wp\/v2\/categories?post=225437"},{"taxonomy":"post_tag","embeddable":true,"href":"https:\/\/europeancourt.org\/pt\/wp-json\/wp\/v2\/tags?post=225437"}],"curies":[{"name":"wp","href":"https:\/\/api.w.org\/{rel}","templated":true}]}}

Representação de requerentes perante o TEDH

<div id="ec-representation-page" class="ec-service-page ec-service-representation" data-service="representation">
<div class="ec-service-screen ec-service-screen-1">
<div class="mywpcf7cf myshow myhide">Este serviço só é prestado em relação a queixas que o Tribunal Europeu já tenha comunicado ao Governo respondente e no âmbito das quais tenha informado o requerente de que deve apresentar observações escritas.</div>
<div class="mywpcf7cf myshow myhide">O custo da representação perante o Tribunal Europeu depende do tempo necessário para preparar respostas às perguntas do Tribunal Europeu, responder aos argumentos do Governo respondente e, se necessário, preparar esclarecimentos sobre os factos e pedidos de reparação razoável. A variação pode ser muito grande: de algumas centenas de euros, quando bastam duas ou três horas, até 10 mil euros ou mais, quando são necessárias dezenas de horas.</div>
<div class="mywpcf7cf myshow myhide">Só a partir dos documentos consigo determinar quanto tempo será necessário no seu caso e, por conseguinte, quanto custará a representação. Envie a queixa com todos os anexos, bem como tudo o que tenha sido enviado adicionalmente ao Tribunal Europeu no âmbito desse processo e tudo o que tenha recebido do Tribunal Europeu. Se eu precisar de documentos adicionais, pedi-los-ei.</div>
<div class="mywpcf7cf myshow myhide">Normalmente respondo a pedidos de informação sobre o custo da representação perante o Tribunal Europeu no prazo de uma semana após receber todos os documentos e informações necessários. Se o prazo fixado pelo Tribunal Europeu para a apresentação de observações escritas ou de outros elementos expirar nos próximos dias, escreva-me e pergunte se posso analisar o seu pedido com urgência. Comprometo-me a responder a essa mensagem no prazo de 24 horas. Se eu confirmar que posso fazê-lo e se me enviar de imediato os documentos e informações necessários, comunicar-lhe-ei a minha conclusão sobre o custo nas 48 horas seguintes.</div>
<div class="mywpcf7cf myshow myhide">Quando lhe comunicar o custo do serviço, para não perder tempo, enviar-lhe-ei também o contrato e o formulário de procuração preenchido para a representação perante o Tribunal Europeu. A procuração terá de ser impressa, assinada e enviada por correio postal para o meu endereço em França. O serviço pode ser pago por transferência bancária para a minha conta na Suíça ou por outros meios, consoante o país de onde for efetuado o pagamento, depois da preparação dos documentos para o Tribunal Europeu. No entanto, é preferível pagar antes de esses documentos serem enviados ao Tribunal Europeu, para que seja possível juntar aos pedidos de reparação razoável um documento comprovativo do pagamento: nesse caso, é muito mais simples fundamentar o pedido de reembolso das despesas já suportadas com a representação do requerente perante o Tribunal.</div>
<div class="mywpcf7cf myshow myhide">Este serviço não é adequado para si se puder confirmar com segurança qualquer uma das afirmações seguintes:</div>
<ul class="myshow myhide ec-service-blocker-list"><li><label><input type="checkbox" class="ec-service-blocker" /><span>A minha queixa ainda não foi comunicada pelo Tribunal Europeu ao Governo respondente ou foi comunicada sem pedido de apresentação de observações escritas.</span></label></li>
<li><label><input type="checkbox" class="ec-service-blocker" /><span>Não estou disposto a apresentar todos os documentos necessários.</span></label></li>
<li><label><input type="checkbox" class="ec-service-blocker" /><span>Não estou disposto a tratar da procuração e a enviá-la por correio postal.</span></label></li>
<li><label><input type="checkbox" class="ec-service-blocker" /><span>Não estou disposto a responder, ao longo do trabalho, a perguntas de esclarecimento e a apresentar documentos adicionais se forem necessários.</span></label></li></ul>
<div class="mywpcf7cf myshow myhide"><button type="button" class="mybutton blue" id="load_ajax_form" data-ec-service-load="representation" data-blocked-message="Enquanto alguma das afirmações estiver assinalada, não será possível avançar. Se a tiver assinalado por engano, desmarque-a.">Enviar documentos</button></div>
<div class="mywpcf7cf myshow myhide"><a class="mybutton blue not-in-text-button" href="mailto:oleg.anishchik@europeancourt.org?subject=Gostaria de esclarecer as condições">Gostaria de esclarecer as condições</a></div>
<div id="ec-service-load-status" class="ec-service-load-status" aria-live="polite"></div>
</div>
<div id="ajax_content"></div>
</div>
<script>
(function(){
  if (window.ecServiceBlockerGuardReady) return;
  window.ecServiceBlockerGuardReady = true;
  document.addEventListener('click', function(event) {
    var button = event.target && event.target.closest ? event.target.closest('[data-ec-service-load]') : null;
    if (!button) return;
    var root = button.closest('.ec-service-page');
    if (!root || !root.querySelector('.ec-service-blocker:checked')) return;
    event.preventDefault();
    event.stopPropagation();
    if (event.stopImmediatePropagation) event.stopImmediatePropagation();
    var status = root.querySelector('.ec-service-load-status');
    if (status) status.textContent = button.getAttribute('data-blocked-message') || '';
  }, true);
})();
</script>

Este serviço só é prestado em relação a queixas que o Tribunal Europeu já tenha comunicado ao Governo respondente e no âmbito das quais tenha informado o requerente de que deve apresentar observações escritas.&#46;&#46;&#46;
