{"id":222190,"date":"2024-01-08T15:08:10","date_gmt":"2024-01-08T14:08:10","guid":{"rendered":"https:\/\/europeancourt.org\/servicii\/"},"modified":"2026-04-29T03:18:10","modified_gmt":"2026-04-29T01:18:10","slug":"servicii","status":"publish","type":"page","link":"https:\/\/europeancourt.org\/ro\/servicii\/","title":{"rendered":"Servicii"},"content":{"rendered":"<ul>\r\n\t<li><a href=\"https:\/\/europeancourt.org\/ro\/servicii\/cedo\/\" title=\"CEDO\">CEDO<\/a><\/li>\r\n<ul>\r\n\t\t<li><a href=\"https:\/\/europeancourt.org\/ro\/servicii\/cedo\/preg%c4%83tirea-cererilor-la-cedo\/\" title=\"Preg\u0103tirea cererilor la CEDO\">Preg\u0103tirea cererilor la CEDO<\/a><\/li>\r\n\r\n\t<li><a href=\"https:\/\/europeancourt.org\/ro\/servicii\/cedo\/verificarea-formularelor-de-cerere-la-cedo-completate\/\" title=\"Verificarea formularelor de cerere la CEDO completate\">Verificarea formularelor de cerere la CEDO completate<\/a><\/li>\r\n\r\n\t<li><a href=\"https:\/\/europeancourt.org\/ro\/servicii\/cedo\/reprezentarea-reclaman%c8%9bilor-%c3%aen-fa%c8%9ba-cedo\/\" title=\"Reprezentarea reclaman\u021bilor \u00een fa\u021ba CEDO\">Reprezentarea reclaman\u021bilor \u00een fa\u021ba CEDO<\/a><\/li>\n<li><a href=\"https:\/\/europeancourt.org\/ro\/servicii\/cedo\/g%c4%83si%c8%9bi-num%c4%83rul-cererii-%c3%aenregistrarea-sau-hot%c4%83r%c3%a2rea\/\" title=\"G\u0103si\u021bi num\u0103rul cererii CEDO, \u00eenregistrarea sau hot\u0103r\u00e2rea\"> G\u0103si\u021bi num\u0103rul cererii CEDO, \u00eenregistrarea sau hot\u0103r\u00e2rea<\/a><\/li>\r\n\r\n\t<li><a href=\"https:\/\/europeancourt.org\/ro\/consultan%c8%9b%c4%83-juridic%c4%83-%c8%99i-contacte\/\" title=\"Consultan\u021b\u0103 juridic\u0103 \u0219i contacte\">Consultan\u021b\u0103 juridic\u0103 \u0219i contacte<\/a><\/li>\r\n<\/ul>\r\n<\/ul>\r\n","protected":false},"excerpt":{"rendered":"CEDO Preg\u0103tirea cererilor la CEDO Verificarea formularelor de cerere la CEDO completate Reprezentarea reclaman\u021bilor \u00een fa\u021ba CEDO G\u0103si\u021bi num\u0103rul cererii CEDO, \u00eenregistrarea sau hot\u0103r\u00e2rea Consultan\u021b\u0103 juridic\u0103 \u0219i contacte","protected":false},"author":1,"featured_media":222381,"parent":0,"menu_order":0,"comment_status":"closed","ping_status":"closed","template":"","meta":{"footnotes":""},"categories":[],"tags":[],"class_list":["post-222190","page","type-page","status-publish","has-post-thumbnail","hentry"],"_links":{"self":[{"href":"https:\/\/europeancourt.org\/ro\/wp-json\/wp\/v2\/pages\/222190","targetHints":{"allow":["GET"]}}],"collection":[{"href":"https:\/\/europeancourt.org\/ro\/wp-json\/wp\/v2\/pages"}],"about":[{"href":"https:\/\/europeancourt.org\/ro\/wp-json\/wp\/v2\/types\/page"}],"author":[{"embeddable":true,"href":"https:\/\/europeancourt.org\/ro\/wp-json\/wp\/v2\/users\/1"}],"replies":[{"embeddable":true,"href":"https:\/\/europeancourt.org\/ro\/wp-json\/wp\/v2\/comments?post=222190"}],"version-history":[{"count":5,"href":"https:\/\/europeancourt.org\/ro\/wp-json\/wp\/v2\/pages\/222190\/revisions"}],"predecessor-version":[{"id":226365,"href":"https:\/\/europeancourt.org\/ro\/wp-json\/wp\/v2\/pages\/222190\/revisions\/226365"}],"wp:featuredmedia":[{"embeddable":true,"href":"https:\/\/europeancourt.org\/ro\/wp-json\/wp\/v2\/media\/222381"}],"wp:attachment":[{"href":"https:\/\/europeancourt.org\/ro\/wp-json\/wp\/v2\/media?parent=222190"}],"wp:term":[{"taxonomy":"category","embeddable":true,"href":"https:\/\/europeancourt.org\/ro\/wp-json\/wp\/v2\/categories?post=222190"},{"taxonomy":"post_tag","embeddable":true,"href":"https:\/\/europeancourt.org\/ro\/wp-json\/wp\/v2\/tags?post=222190"}],"curies":[{"name":"wp","href":"https:\/\/api.w.org\/{rel}","templated":true}]}}

<ul>
	<li><a href="https://europeancourt.org/ro/servicii/cedo/" title="CEDO">CEDO</a></li>
<ul>
		<li><a href="https://europeancourt.org/ro/servicii/cedo/preg%c4%83tirea-cererilor-la-cedo/" title="Pregătirea cererilor la CEDO">Pregătirea cererilor la CEDO</a></li>

	<li><a href="https://europeancourt.org/ro/servicii/cedo/verificarea-formularelor-de-cerere-la-cedo-completate/" title="Verificarea formularelor de cerere la CEDO completate">Verificarea formularelor de cerere la CEDO completate</a></li>

	<li><a href="https://europeancourt.org/ro/servicii/cedo/reprezentarea-reclaman%c8%9bilor-%c3%aen-fa%c8%9ba-cedo/" title="Reprezentarea reclamanților în fața CEDO">Reprezentarea reclamanților în fața CEDO</a></li>
<li><a href="https://europeancourt.org/ro/servicii/cedo/g%c4%83si%c8%9bi-num%c4%83rul-cererii-%c3%aenregistrarea-sau-hot%c4%83r%c3%a2rea/" title="Găsiți numărul cererii CEDO, înregistrarea sau hotărârea"> Găsiți numărul cererii CEDO, înregistrarea sau hotărârea</a></li>

	<li><a href="https://europeancourt.org/ro/consultan%c8%9b%c4%83-juridic%c4%83-%c8%99i-contacte/" title="Consultanță juridică și contacte">Consultanță juridică și contacte</a></li>
</ul>
</ul>

CEDO Pregătirea cererilor la CEDO Verificarea formularelor de cerere la CEDO completate Reprezentarea reclamanților în fața CEDO Găsiți numărul cererii CEDO, înregistrarea sau hotărârea Consultanță juridică și contacte
