{"id":225475,"date":"2026-04-26T14:48:59","date_gmt":"2026-04-26T12:48:59","guid":{"rendered":"https:\/\/europeancourt.org\/k%c3%abshilla-ligjore-dhe-kontakte\/"},"modified":"2026-04-26T17:29:32","modified_gmt":"2026-04-26T15:29:32","slug":"k%c3%abshilla-ligjore-dhe-kontakte","status":"publish","type":"page","link":"https:\/\/europeancourt.org\/sq\/k%c3%abshilla-ligjore-dhe-kontakte\/","title":{"rendered":"K\u00ebshilla ligjore dhe kontakte"},"content":{"rendered":"<div class=\"mywpcf7cf myshow myhide\">M\u00eb duhet:<\/div>\n\n<div class=\"myshow myhide\"><span class=\"wpcf7-radio\"><span class=\"wpcf7-list-item\"><label><span class=\"wpcf7-list-item-label\">t\u00eb p\u00ebrgatis nj\u00eb ankim p\u00ebr n\u00eb GJEDNJ<\/span><\/label><\/span><\/span><\/div>\n\n<div class=\"myshow myhide\"><span class=\"wpcf7-radio\"><span class=\"wpcf7-list-item\"><label><span class=\"wpcf7-list-item-label\">t\u00eb kontrolloj formularin e ankimit p\u00ebr gabime para se ta d\u00ebrgoj n\u00eb GJEDNJ<\/span><\/label><\/span><\/span><\/div>\n\n<div class=\"myshow myhide\"><span class=\"wpcf7-radio\"><span class=\"wpcf7-list-item\"><label><span class=\"wpcf7-list-item-label\">p\u00ebrfaq\u00ebsim para GJEDNJ-s\u00eb pasi Gjykata e ka njoftuar Qeverin\u00eb p\u00ebr ankimin<\/span><\/label><\/span><\/span><\/div>\n\n<div class=\"myshow myhide\"><span class=\"wpcf7-radio\"><span class=\"wpcf7-list-item\"><label><span class=\"wpcf7-list-item-label\">t\u00eb m\u00ebsoj fatin e nj\u00eb ankimi n\u00eb GJEDNJ<\/span><\/label><\/span><\/span><\/div>\n\n<div class=\"myshow myhide\"><span class=\"wpcf7-radio\"><span class=\"wpcf7-list-item\"><label><span class=\"wpcf7-list-item-label\">t\u00eb shkarkoj formularin e ankimit n\u00eb GJEDNJ<\/span><\/label><\/span><\/span><\/div>\n\n<div class=\"myshow myhide\"><span class=\"wpcf7-radio\"><span class=\"wpcf7-list-item\"><label><span class=\"wpcf7-list-item-label\">t\u00eb k\u00ebrkoj nj\u00eb konsultim<\/span><\/label><\/span><\/span><\/div>\n\n<div class=\"myshow myhide\"><span class=\"wpcf7-radio\"><span class=\"wpcf7-list-item\"><label><span class=\"wpcf7-list-item-label\">t\u00eb shoh t\u00eb dh\u00ebnat e kontaktit<\/span><\/label><\/span><\/span><\/div>\n<div id=\"ajax_content\"><\/div>","protected":false},"excerpt":{"rendered":"M\u00eb duhet: t\u00eb p\u00ebrgatis nj\u00eb ankim p\u00ebr n\u00eb GJEDNJ t\u00eb kontrolloj formularin e ankimit p\u00ebr gabime para se ta d\u00ebrgoj n\u00eb GJEDNJ p\u00ebrfaq\u00ebsim para GJEDNJ-s\u00eb pasi Gjykata e ka njoftuar Qeverin\u00eb p\u00ebr ankimin t\u00eb&#46;&#46;&#46;","protected":false},"author":0,"featured_media":0,"parent":0,"menu_order":0,"comment_status":"closed","ping_status":"closed","template":"","meta":{"footnotes":""},"categories":[],"tags":[],"class_list":["post-225475","page","type-page","status-publish","hentry"],"_links":{"self":[{"href":"https:\/\/europeancourt.org\/sq\/wp-json\/wp\/v2\/pages\/225475","targetHints":{"allow":["GET"]}}],"collection":[{"href":"https:\/\/europeancourt.org\/sq\/wp-json\/wp\/v2\/pages"}],"about":[{"href":"https:\/\/europeancourt.org\/sq\/wp-json\/wp\/v2\/types\/page"}],"replies":[{"embeddable":true,"href":"https:\/\/europeancourt.org\/sq\/wp-json\/wp\/v2\/comments?post=225475"}],"version-history":[{"count":1,"href":"https:\/\/europeancourt.org\/sq\/wp-json\/wp\/v2\/pages\/225475\/revisions"}],"predecessor-version":[{"id":225653,"href":"https:\/\/europeancourt.org\/sq\/wp-json\/wp\/v2\/pages\/225475\/revisions\/225653"}],"wp:attachment":[{"href":"https:\/\/europeancourt.org\/sq\/wp-json\/wp\/v2\/media?parent=225475"}],"wp:term":[{"taxonomy":"category","embeddable":true,"href":"https:\/\/europeancourt.org\/sq\/wp-json\/wp\/v2\/categories?post=225475"},{"taxonomy":"post_tag","embeddable":true,"href":"https:\/\/europeancourt.org\/sq\/wp-json\/wp\/v2\/tags?post=225475"}],"curies":[{"name":"wp","href":"https:\/\/api.w.org\/{rel}","templated":true}]}}

Këshilla ligjore dhe kontakte

<div class="mywpcf7cf myshow myhide">Më duhet:</div>

<div class="myshow myhide"><span class="wpcf7-radio"><span class="wpcf7-list-item"><label><span class="wpcf7-list-item-label">të përgatis një ankim për në GJEDNJ</span></label></span></span></div>

<div class="myshow myhide"><span class="wpcf7-radio"><span class="wpcf7-list-item"><label><span class="wpcf7-list-item-label">të kontrolloj formularin e ankimit për gabime para se ta dërgoj në GJEDNJ</span></label></span></span></div>

<div class="myshow myhide"><span class="wpcf7-radio"><span class="wpcf7-list-item"><label><span class="wpcf7-list-item-label">përfaqësim para GJEDNJ-së pasi Gjykata e ka njoftuar Qeverinë për ankimin</span></label></span></span></div>

<div class="myshow myhide"><span class="wpcf7-radio"><span class="wpcf7-list-item"><label><span class="wpcf7-list-item-label">të mësoj fatin e një ankimi në GJEDNJ</span></label></span></span></div>

<div class="myshow myhide"><span class="wpcf7-radio"><span class="wpcf7-list-item"><label><span class="wpcf7-list-item-label">të shkarkoj formularin e ankimit në GJEDNJ</span></label></span></span></div>

<div class="myshow myhide"><span class="wpcf7-radio"><span class="wpcf7-list-item"><label><span class="wpcf7-list-item-label">të kërkoj një konsultim</span></label></span></span></div>

<div class="myshow myhide"><span class="wpcf7-radio"><span class="wpcf7-list-item"><label><span class="wpcf7-list-item-label">të shoh të dhënat e kontaktit</span></label></span></span></div>
<div id="ajax_content"></div>

Më duhet: të përgatis një ankim për në GJEDNJ të kontrolloj formularin e ankimit për gabime para se ta dërgoj në GJEDNJ përfaqësim para GJEDNJ-së pasi Gjykata e ka njoftuar Qeverinë për ankimin të&#46;&#46;&#46;
