{"id":176247,"date":"2022-06-28T15:55:16","date_gmt":"2022-06-28T13:55:16","guid":{"rendered":"https:\/\/europeancourt.org\/belgeler\/avrupa-konseyi\/aihm\/ba%c5%9fvuru-formu\/"},"modified":"2026-04-26T15:20:14","modified_gmt":"2026-04-26T13:20:14","slug":"ba%c5%9fvuru-formu","status":"publish","type":"page","link":"https:\/\/europeancourt.org\/tr\/belgeler\/avrupa-konseyi\/aihm\/ba%c5%9fvuru-formu\/","title":{"rendered":"Avrupa \u0130nsan Haklar\u0131 Mahkemesi\u2019ne Ba\u015fvuru formu"},"content":{"rendered":"<p>Formun d\u00fczg\u00fcn \u00e7al\u0131\u015fabilmesi i\u00e7in, Adobe Reader 9 veya daha sonraki versiyonlardan birinin yan\u0131 s\u0131ra Windows veya Mac OS X sistemlerinden biri gereklidir. Bilgisayar\u0131n\u0131zda Adobe Reader program\u0131 yoksa buradan indirebilirsiniz <a href=\"https:\/\/get.adobe.com\/tr\/reader\/\" title=\"Adobe Reader\" target=\"_blank\" rel=\"noopener\">www.adobe.com<\/a>.<\/p>\n<ul>\n<li>Formu bilgisayar\u0131n\u0131za kaydediniz.<\/li>\n<li>Bilgisayar\u0131n\u0131za kaydetti\u011finiz formu Adobe Reader ile a\u00e7\u0131n\u0131z.<\/li>\n<li>Formu doldurunuz ve kaydediniz.<\/li>\n<li>Formun doldurulmu\u015f \u00f6rne\u011finin bir \u00e7\u0131kt\u0131s\u0131n\u0131 al\u0131p imzalad\u0131ktan sonra Mahkeme\u2019ye posta yoluyla g\u00f6nderiniz.<\/li>\n<\/ul>\n<p>Bu ba\u015fvuru formu, ba\u015fvurunuzun A\u0130HM taraf\u0131ndan kabul edilmemesine yol a\u00e7abilecek tipik hatalardan birinden ka\u00e7\u0131nman\u0131za yard\u0131mc\u0131 olur. <a title=\"Doldurulan A\u0130HM ba\u015fvuru formunun do\u011frulanmas\u0131\" href=\"https:\/\/europeancourt.org\/tr\/hizmetler\/aihm\/doldurulan-a%c4%b0hm-ba%c5%9fvuru-formunun-do%c4%9frulanmas%c4%b1\/\" target=\"_blank\" rel=\"noopener\">Formu A\u0130HM\u2019e g\u00f6ndermeden \u00f6nce di\u011fer hatalar a\u00e7\u0131s\u0131ndan da kontrol etmemi isteyebilirsiniz.<\/a><\/p>\n<p style=\"text-align:center\"><a title=\"Avrupa \u0130nsan Haklar\u0131 Mahkemesi\u2019ne Ba\u015fvuru formu\" href=\"https:\/\/europeancourt.org\/downloads\/tr\/Avrupa_Insan_Haklari_Mahkemesine_Basvuru_formu_TUR_2022-2.PDF\" class=\"extlinkoff mybrightbutton red\" download=\"\">\u0130ndir <i class=\"fas fa-download\"><\/i><\/a><\/p>\n<iframe class=\"wonderplugin-pdf-iframe\" src=\"https:\/\/europeancourt.org\/wp-content\/plugins\/wonderplugin-pdf-embed\/pdfjs\/web\/viewer.html?v=2&disabledownload=1&disableprint=1&disabledoc=1&disableopenfile=1&externallinktarget=2&file=https:\/\/europeancourt.org\/noindex\/AppF_TUR_2022-2.pdf\" title=\"Avrupa \u0130nsan Haklar\u0131 Mahkemesi\u2019ne Ba\u015fvuru formu\" width=\"100%\" height=\"900px\" style=\"border:0\"><\/iframe>\n","protected":false},"excerpt":{"rendered":"Formun d\u00fczg\u00fcn \u00e7al\u0131\u015fabilmesi i\u00e7in, Adobe Reader 9 veya daha sonraki versiyonlardan birinin yan\u0131 s\u0131ra Windows veya Mac OS X sistemlerinden biri gereklidir. Bilgisayar\u0131n\u0131zda Adobe Reader program\u0131 yoksa buradan indirebilirsiniz www.adobe.com. Formu bilgisayar\u0131n\u0131za kaydediniz. Bilgisayar\u0131n\u0131za&#46;&#46;&#46;","protected":false},"author":1,"featured_media":191939,"parent":147396,"menu_order":0,"comment_status":"closed","ping_status":"closed","template":"","meta":{"footnotes":""},"categories":[],"tags":[],"class_list":["post-176247","page","type-page","status-publish","has-post-thumbnail","hentry"],"_links":{"self":[{"href":"https:\/\/europeancourt.org\/tr\/wp-json\/wp\/v2\/pages\/176247","targetHints":{"allow":["GET"]}}],"collection":[{"href":"https:\/\/europeancourt.org\/tr\/wp-json\/wp\/v2\/pages"}],"about":[{"href":"https:\/\/europeancourt.org\/tr\/wp-json\/wp\/v2\/types\/page"}],"author":[{"embeddable":true,"href":"https:\/\/europeancourt.org\/tr\/wp-json\/wp\/v2\/users\/1"}],"replies":[{"embeddable":true,"href":"https:\/\/europeancourt.org\/tr\/wp-json\/wp\/v2\/comments?post=176247"}],"version-history":[{"count":1,"href":"https:\/\/europeancourt.org\/tr\/wp-json\/wp\/v2\/pages\/176247\/revisions"}],"predecessor-version":[{"id":225552,"href":"https:\/\/europeancourt.org\/tr\/wp-json\/wp\/v2\/pages\/176247\/revisions\/225552"}],"up":[{"embeddable":true,"href":"https:\/\/europeancourt.org\/tr\/wp-json\/wp\/v2\/pages\/147396"}],"wp:featuredmedia":[{"embeddable":true,"href":"https:\/\/europeancourt.org\/tr\/wp-json\/wp\/v2\/media\/191939"}],"wp:attachment":[{"href":"https:\/\/europeancourt.org\/tr\/wp-json\/wp\/v2\/media?parent=176247"}],"wp:term":[{"taxonomy":"category","embeddable":true,"href":"https:\/\/europeancourt.org\/tr\/wp-json\/wp\/v2\/categories?post=176247"},{"taxonomy":"post_tag","embeddable":true,"href":"https:\/\/europeancourt.org\/tr\/wp-json\/wp\/v2\/tags?post=176247"}],"curies":[{"name":"wp","href":"https:\/\/api.w.org\/{rel}","templated":true}]}}

Avrupa İnsan Hakları Mahkemesi’ne Başvuru formu

<p>Formun düzgün çalışabilmesi için, Adobe Reader 9 veya daha sonraki versiyonlardan birinin yanı sıra Windows veya Mac OS X sistemlerinden biri gereklidir. Bilgisayarınızda Adobe Reader programı yoksa buradan indirebilirsiniz <a href="https://get.adobe.com/tr/reader/" title="Adobe Reader" target="_blank" rel="noopener">www.adobe.com</a>.</p>
<ul>
<li>Formu bilgisayarınıza kaydediniz.</li>
<li>Bilgisayarınıza kaydettiğiniz formu Adobe Reader ile açınız.</li>
<li>Formu doldurunuz ve kaydediniz.</li>
<li>Formun doldurulmuş örneğinin bir çıktısını alıp imzaladıktan sonra Mahkeme’ye posta yoluyla gönderiniz.</li>
</ul>
<p>Bu başvuru formu, başvurunuzun AİHM tarafından kabul edilmemesine yol açabilecek tipik hatalardan birinden kaçınmanıza yardımcı olur. <a title="Doldurulan AİHM başvuru formunun doğrulanması" href="https://europeancourt.org/tr/hizmetler/aihm/doldurulan-a%c4%b0hm-ba%c5%9fvuru-formunun-do%c4%9frulanmas%c4%b1/" target="_blank" rel="noopener">Formu AİHM’e göndermeden önce diğer hatalar açısından da kontrol etmemi isteyebilirsiniz.</a></p>
<p style="text-align:center"><a title="Avrupa İnsan Hakları Mahkemesi’ne Başvuru formu" href="https://europeancourt.org/downloads/tr/Avrupa_Insan_Haklari_Mahkemesine_Basvuru_formu_TUR_2022-2.PDF" class="extlinkoff mybrightbutton red" download="">İndir <i class="fas fa-download"></i></a></p>
<iframe class="wonderplugin-pdf-iframe" src="https://europeancourt.org/wp-content/plugins/wonderplugin-pdf-embed/pdfjs/web/viewer.html?v=2&disabledownload=1&disableprint=1&disabledoc=1&disableopenfile=1&externallinktarget=2&file=https://europeancourt.org/noindex/AppF_TUR_2022-2.pdf" title="Avrupa İnsan Hakları Mahkemesi’ne Başvuru formu" width="100%" height="900px" style="border:0"></iframe>

Formun düzgün çalışabilmesi için, Adobe Reader 9 veya daha sonraki versiyonlardan birinin yanı sıra Windows veya Mac OS X sistemlerinden biri gereklidir. Bilgisayarınızda Adobe Reader programı yoksa buradan indirebilirsiniz www.adobe.com. Formu bilgisayarınıza kaydediniz. Bilgisayarınıza&#46;&#46;&#46;
